{"id":9,"date":"2017-07-25T13:19:47","date_gmt":"2017-07-25T11:19:47","guid":{"rendered":"https:\/\/www.institut-systeme.de\/html?page_id=9"},"modified":"2024-04-30T12:12:02","modified_gmt":"2024-04-30T10:12:02","slug":"weiterbildung-meg-dgfs","status":"publish","type":"page","link":"https:\/\/www.institut-systeme.de\/html\/weiterbildung-meg-dgfs\/","title":{"rendered":"AML Weiterbildungen DGSF\/M.E.G."},"content":{"rendered":"<p><strong>Hier finden Sie eine ausf\u00fchrliche Darstellung unserer Weiterbildungsarbeit und unserer Seminarphilosophie. K\u00fcrzer:\u00a0 klicken Sie auf die Reihen und Seminare. Besuchen Sie uns auf Instagram und YouTube.<\/strong><\/p>\n<p>Unsere besondere <strong>AML Konzeption<\/strong> erw\u00e4chst aus der Anwendungserfahrung von Psychotherapie, Supervision und Coaching seit 1981. Die beiden\u00a0 AML Institute sind regelm\u00e4\u00dfig auf Fachtagungen und -Kongressen mit Beitr\u00e4gen vertreten.<\/p>\n<p>Institute\/Weiterbildung sind von den <strong>Kammern akkreditiert<\/strong> (Fortbildungspunkte) und zertifiziert von den beiden wissenschaftlichen <strong>Fachgesellschaften der DGSF und M.E.G.\u00a0\u00a0<\/strong><\/p>\n<p><strong>Wir legen Wert darauf, auf verschiedene Arten zu lernen, in den Seminaren durch<\/strong>:<\/p>\n<ul>\n<li>Bewusstes Aufnehmen, rational, strukturiert: Inputs.<\/li>\n<li>Unwillk\u00fcrliches Aufnehmen,\u00a0 intuitiv, mit dem Vorhandenen verbinden: Ableiten, Herf\u00fchren, Integrieren aus erlebter Historie.<\/li>\n<li>Erfahrend Aufnehmen:\u00a0 als BeobachterIn von Demonstrationen; Life-Demonstrationen, TeilnehmerIn in Kleingruppen<\/li>\n<li>Miteinander in der Gruppe Aufnehmen: Zusammentragung von Kleingruppenergebnissen in der Gro\u00dfgruppe<\/li>\n<li>Angehalten, den Prozess zu reflektieren: Prozessankn\u00fcpfende Seminarleitung<\/li>\n<li>Didaktisch aufbereitet mit klaren Hauptfoki, aber auch der Hintergrundeinbettung.<\/li>\n<\/ul>\n<p>Schauen Sie sich unsere Evaluationen an. Gehen Sie auf der Homepage zu den\u00a0 YouTube-Beitr\u00e4gen.<\/p>\n<h3>Fort- und Weiterbildungen<\/h3>\n<ul>\n<li><a href=\"https:\/\/www.institut-systeme.de\/html\/weiterbildung-meg-dgfs\/systemische-weiterbildung-dgfs\/ressourcenerzeugende-beratung-nach-dem-bonner-ressourcenmodell\/\">Beratungsqualifikation &#8220;Ressourcenerzeugende Beratung&#8221;, Weiterbildungsreihe mit 6 Seminarmodulen in konstruktivistischer Haltung und Methode<\/a><\/li>\n<li><a href=\"https:\/\/www.institut-systeme.de\/html\/weiterbildung-meg-dgfs\/hypnotherapie-weiterbildung-m-e-g\/klinische-hypnose-klihyp\/\">&#8220;Klinische Hypnose&#8221; (KliHyp) M.E.G. im Rahmen der M.E.G.-Curricula<\/a><\/li>\n<li><a href=\"https:\/\/www.institut-systeme.de\/html\/weiterbildung-meg-dgfs\/hypnotherapie-weiterbildung-m-e-g\/hynpo-systemische-kommunikation-komhyp\/\">&#8220;Hypno-Systemische Gespr\u00e4chsf\u00fchrung nach Milton Erickson&#8221; (KomHyp) M.E.G.<\/a><\/li>\n<li><a href=\"https:\/\/www.institut-systeme.de\/html\/weiterbildung-meg-dgfs\/hypnotherapie-weiterbildung-m-e-g\/httpswww-meg-hypnose-defortbildungcurriculahypnotherapeutische-und-systemische-konzepte-fuer-die-arbeit-mit-kindern-und-jugendlichen\/\" target=\"_blank\" rel=\"noopener\">&#8220;Hypnotherapeutische und systemische Konzepte f\u00fcr die Arbeit mit Kindern und Jugendlichen&#8221; (KiHyp) M.E.G.<\/a><\/li>\n<li><a href=\"https:\/\/www.institut-systeme.de\/html\/weiterbildung-meg-dgfs\/hypnotherapie-weiterbildung-m-e-g\/medizinische-hypnose-medhyp\/\">&#8220;Medizinische Hypnose&#8221; (MedHyp) M.E.G. im Rahmen der M.E.G. Curricula<\/a><\/li>\n<\/ul>\n<h3>Offen zu buchende Einzelveranstaltungen<\/h3>\n<p>Supervisionstermine entnehmen Sie bitte unserem Terminkalender<\/p>\n<h3>Auswahl an Seminaren f\u00fcr den Beratungs- und Psychotherapiebereich<\/h3>\n<ul>\n<li>Jetzt hilft nur noch Hypnose<\/li>\n<li>Hypno-Systemische Paartherapie<\/li>\n<li>Vielfalt der &#8220;Tranceinduktionen&#8221; bei psychischen Krankheiten bez\u00fcglich Induktionen u. Interventionen gem\u00e4\u00df der Symptomtr\u00e4ger u. ihrer Prozesse<\/li>\n<li>(Fatale) Suggestionen erkennen und aufl\u00f6sen und g\u00fcnstige entwickeln<\/li>\n<li>Schmerztherapie<\/li>\n<li>Indirekte und direkte Hypnose<\/li>\n<li>Raucherentw\u00f6hnung<\/li>\n<li>Systemische Toolbox<\/li>\n<li>Resilienz und Selbsthypnose<\/li>\n<li>Die Kunst der Ver\u00e4nderung<\/li>\n<li>Angst und Phobie<\/li>\n<li>Akute und chronische Schmerzen<\/li>\n<li>Hypno-Systemische Konzepte in der Praxis<\/li>\n<li>Aufl\u00f6sung chronischer Problemsituationen mit Prozess und Schleifenarbeit<\/li>\n<li>Vielfalt der Trance-Induktionen f\u00fcr psychische St\u00f6rungen entsprechend ihrer Symptomtr\u00e4ger und deren L\u00f6sungswege<\/li>\n<li>Mobbing als systemisches Ph\u00e4nomen<\/li>\n<li>usw. j\u00e4hrlich neue Themen&#8230;&#8230;<\/li>\n<\/ul>\n<h3>Seminare f\u00fcr den Beratungs- und Coachingbereich u. a. zu den Themen:<\/h3>\n<ul>\n<li>Systemisches Denken und Arbeiten als F\u00fchrungskraft<\/li>\n<li>Optimierung Ihrer F\u00fchrungsqualit\u00e4t<\/li>\n<li>Coaching von F\u00fchrungskr\u00e4ften<\/li>\n<li>Konfliktberatung und Konfliktmoderation<\/li>\n<li>Verbesserung der Zusammenarbeit in Teams<\/li>\n<li>Wirkungsvolle Kommunikation, l\u00f6sungsorientierte Gespr\u00e4chsf\u00fchrung und Ericksonsche Kommunikation<\/li>\n<li>Stresscoaching, Stressmanagement und Anforderungsmanagement f\u00fcr F\u00fchrungskr\u00e4fte<\/li>\n<li>Seminare zu Gesundheitsmanagement, Bew\u00e4ltigung von Pr\u00fcfungs- und Auftritts\u00e4ngsten<\/li>\n<li>Raucherentw\u00f6hnung<\/li>\n<li>Demo-Coaching mit Ressourcen<\/li>\n<li>Die Kunst der Ver\u00e4nderung<\/li>\n<li>Mobbing als systemisches Ph\u00e4nomen<\/li>\n<li>Resilienz ist lernbar<\/li>\n<li>Mentales Training<\/li>\n<li>Hypno-Systemische Selbsterfahrung und Ericksonsche Selbsthypnose<\/li>\n<li>Selbstcoaching mit Resilienzf\u00f6rderung<\/li>\n<li>Fatale Suggestionen erkennen und aufl\u00f6sen &#8211; F\u00f6rdernde s\u00e4en und ausbauen<\/li>\n<\/ul>\n<h3>Fachkongressbeitr\u00e4ge im Beratungs- und Psychotherapiebereich<\/h3>\n<ul>\n<li>M.E.G.-Jahrestagungen<\/li>\n<li>BDP-Kongresse<\/li>\n<li>DGSF-Tagungen und Jahrestagung<\/li>\n<li>Rheinische Therapietage<\/li>\n<li>Lindauer Therapietage<\/li>\n<\/ul>\n<h3>Im Wirtschaftsbereich<\/h3>\n<ul>\n<li>Coachingkongresse des DBVC<\/li>\n<li>Wirtschaftspsychologie-Kongress (BDP)<\/li>\n<\/ul>\n<h3>Seminarphilosophie:<\/h3>\n<p>Nach 40 Jahren inhaltlicher Arbeit und 20 Jahren Erfahrung mit j\u00e4hrlich \u00fcber 35 Seminaren hei\u00dft Weiterbildung f\u00fcr uns:<\/p>\n<ul>\n<li><strong>Konzeptspezifische<\/strong> Anwendung und Supervisionen, d.h. alle 4 M.E.G.-Curricula. Direkter Transfer und Pr\u00e4senz in Ihre Arbeitssituation. Kontextspezifische Anwendung und Erfordernisse. Der Kontext selbst als\u00a0 Hypnose und Suggestion.<\/li>\n<li>Kompetenz im Inhalt <strong>als auch<\/strong> Kompetenz in der Seminarf\u00fchrung<\/li>\n<li><strong>Lernen im Prozess<\/strong> und Weiterentwicklung durch den Prozess: Lehrsupervisionen, Intervisionsgruppen. Die Ressourcen der Teilnehmer werden individuell gef\u00f6rdert, einbezogen und gesch\u00e4tzt.<\/li>\n<li><strong>Feedbackm\u00e4\u00dfiges Gestalten<\/strong>: inhaltlichen Seminar-Fahrplan mit Ihren einmaligen Fragen, Beispielen, Reflexionen, \u00dcbungen, Nachbesprechen.<\/li>\n<li>Gesamtkonzept als <strong>Paket<\/strong> von theoretischem Input, praxisrelevanten Beispielen, Demonstrationen, Life-Supervision, \u00dcbungen zum Praxistransfer,\u00a0 Integration von Interventionen und Tools.<\/li>\n<li><strong>Spektrum<\/strong> von Hypno-Systemischen Ver\u00e4nderungskommunikation bei flexiblem Einsatz von Therapeuten-\/Beraterrollen und Verhalten<\/li>\n<li><strong>Einbeziehen Ihres Selbstmanagement<\/strong> und Ihrer Resilienz in der Arbeit mit Klienten und Patienten<\/li>\n<li><strong>Entwicklung neuer Arbeitskonzepte<\/strong> , z.B. des\u201eBonner Ressourcen Modell\u201c erm\u00f6glicht durch die breite Institutsarbeit (Psychotherapie-Praxis; Coachingbereich; Supervisionsbereich und Mediationsbereich)<\/li>\n<li><strong>Beitr\u00e4ge<\/strong> auf den Jahrestagungen der DGSF und M.E.G.<\/li>\n<\/ul>\n<h3>Die praktischen Konsequenzen:<\/h3>\n<ol>\n<li>Jedes Seminar hat ein aktualisiertes ausf\u00fchrliches <strong>Handout in Form einer Brosch\u00fcre.<\/strong><\/li>\n<li>Interventionen und Tools werden <strong>nachvollziehbar abgeleitet<\/strong> von den dahinterliegenden Konzepten. Dadurch werden sie breiter verst\u00e4ndlich und eben auch spezifisch ab\u00e4nderbar und einsetzbar. Mitgebrachte Konzepte der Teilnehmer kennen und sch\u00e4tzen wir- die Unterschiede von Konzepten und historische Weiterentwicklungen arbeiten wir heraus. Wir unterst\u00fctzen Sie in Ihrem eigenen Vorgehen.<\/li>\n<li>Sowohl im Seminar wie auch in den Supervisionen arbeiten wir mit Demos, therapeutischen &#8220;Rollenspielen&#8221;, der Darstellung zu schwierigen Interaktionssituationen, den Projektarbeiten, moderierter und methodenvielf\u00e4ltiger Supervision in \u00fcberschaubaren und arbeitsgem\u00e4\u00dfen Gruppen. Wir ermutigen Sie zur Flexibilit\u00e4t und einem individuellen Vorgehen bei Ihren PatientInnen und KlientInnen.<\/li>\n<li>Wir erm\u00f6glichen, dass Sie mehr Ansatzpunkte haben, mit &#8220;<strong>schwierigen und chronischen KlientInnen&#8221;<\/strong> arbeiten zu k\u00f6nnen.\u00a0 Chronische und schwierige PatientInnen stellen eine besondere Spezialit\u00e4t des Instituts dar. Zu dem Thema bieten wir Anwendungsseminare an, z.B. das Seminar: \u201eJetzt hilft nur noch Hypnose\u201c.<\/li>\n<li>Hinterfragen von <strong>iatrogenen und suggestiven Effekten<\/strong>. Therapeuten und Berater bringen eigene Konstrukte und Glaubensannahmen durch ihre Person, ihre Modelle und dessen Konstrukte ein. Sie lernen auf diese Implikationen genauso zu achten, wie auf diejenigen der Klienten und Patienten. So erh\u00f6ht sich Ihre gew\u00fcnschte berufliche Wirksamkeit. Unser Beitrag f\u00fcr die MEG-Jahrestagung 2010: \u201e Iatrogene Fallstricke und Effekte\u201c.<\/li>\n<li><strong>Freuen Sie sich auf diese Weiterbildungen und erh\u00f6hen Sie Ihre Kompetenz &#8211; denn ressourcenorientiert zu lernen und zu arbeiten bedeutet auch mehr Freude am Beruf!<\/strong><\/li>\n<\/ol>\n<h3>Akkreditierung durch die Psychotherapeutenkammer NRW:<\/h3>\n<p>Seit 2009 haben wir als eines der ersten Weiterbildungsinstitute in NRW eine Institutsakkreditierung erhalten. Kammermitglieder bekommen Weiterbildungspunkte f\u00fcr alle Supervisionen und alle Seminare. Die Punkte werden ebenso bei der \u00c4rztekammer anerkannt.<\/p>\n<p>Unsere TeilnehmerInnen:<\/p>\n<p>In der Regel richten sich unsere Angebote an Dipl. PsychologInnen, Coaches, SozialwissenschaflterInnen, PsychotherapeutInnen und \u00c4rztInnen, die in den Kontexten Coaching\/Beratung, Psychotherapie und Medizin t\u00e4tig sind. Dies als Externe oder Interne, Angestellte oder Freiberufler im ambulanten oder station\u00e4ren Setting.<br \/>\nSie spezialisieren Ihr Wissen hier um die Ericksonsche-, Hypno-Systemische Perspektive, die sich dann in einer von Ressourcen getragenen Arbeit auswirkt. Sie k\u00f6nnen im Institut die ganze Vielfalt des Einsatzes von Hypnose erlernen. Hypnose hat viele Aspekte und findet immer in einem Kontext statt, der ebenfalls suggestiv wirkt. Die Bandbreite geht von Wachsuggestionen bis hin zu Tranceritualen, von hypnotherapeutischer Kommunikation und Konversation bis hin zu direkten Umschaltungsprozessen in Hypnose und dann auch der therapeutischen Arbeit in diesem Zustand.<\/p>\n<h3>Ressourcenarbeit:<\/h3>\n<p>Gerade die Ericksonsche Hypnose und ihre Pr\u00e4missen f\u00f6rdert die Arbeit mit Ressourcen. Von dieser Ressourcenarbeit profitieren sowohl Ihre Klienten und Patienten hinsichtlich effektiver Unterst\u00fctzung als auch Sie als BehandlerIn bzw. BeraterIn hinsichtlich ihrer zu erhaltenen Kr\u00e4fte und entstehenden Resilienzf\u00e4higkeiten.<\/p>\n<p>&nbsp;<\/p>\n","protected":false},"excerpt":{"rendered":"<p>Wir bilden kammerzertifiziert weiter sowohl im Bereich Psychotherapie \/ Behandlung als auch im Bereich Coaching.<\/p>\n<p><strong>Hypnotherapie-Weiterbildungen M.E.G.<\/strong><\/p>\n<ol>\n<li><a href=\"https:\/\/www.institut-systeme.de\/html\/\/weiterbildung-meg-dgfs\/hypnotherapie-weiterbildung-m-e-g\/klinische-hypnose-klihyp\/\">Klinische Hypnose &#8211; KliHyp<\/a><\/li>\n<li><a href=\"https:\/\/www.institut-systeme.de\/html\/\/weiterbildung-meg-dgfs\/hypnotherapie-weiterbildung-m-e-g\/hynpo-systemische-kommunikation-komhyp\/\">Hynpo-systemische Kommunikation &#8211; KomHyp<\/a><\/li>\n<li><a href=\"https:\/\/www.institut-systeme.de\/html\/\/weiterbildung-meg-dgfs\/hypnotherapie-weiterbildung-m-e-g\/kinder-und-jugendlichen-hypnotherapie-kihyp\/\">Kinder- und Jugendlichen Hypnotherapie &#8211; KiHyp<\/a><\/li>\n<li><a href=\"https:\/\/www.institut-systeme.de\/html\/\/weiterbildung-meg-dgfs\/hypnotherapie-weiterbildung-m-e-g\/medizinische-hypnose-medhyp\/\">Medizinische Hypnose &#8211; MedHyp<\/a><\/li>\n<\/ol>\n<p><strong>Systemische Weiterbildungen DGSF zertifiziert<br \/>\n<\/strong><\/p>\n<ol>\n<li><a href=\"https:\/\/www.institut-systeme.de\/html\/\/weiterbildung-meg-dgfs\/systemische-weiterbildung-dgfs\/ressourcenerzeugende-beratung-nach-dem-bonner-ressourcenmodell\/\">Ressourcenerzeugende Beratung nach dem Bonner Ressourcen Modell<\/a><\/li>\n<li><a href=\"https:\/\/www.institut-systeme.de\/html\/\/weiterbildung-meg-dgfs\/systemische-weiterbildung-dgfs\/systemisches-coaching\/\"><em>Hypno<\/em>-Systemisches Coaching AML<\/a><\/li>\n<\/ol>\n","protected":false},"author":1,"featured_media":0,"parent":0,"menu_order":3,"comment_status":"closed","ping_status":"closed","template":"","meta":{"footnotes":""},"class_list":["post-9","page","type-page","status-publish","hentry"],"aioseo_notices":[],"_links":{"self":[{"href":"https:\/\/www.institut-systeme.de\/html\/wp-json\/wp\/v2\/pages\/9","targetHints":{"allow":["GET"]}}],"collection":[{"href":"https:\/\/www.institut-systeme.de\/html\/wp-json\/wp\/v2\/pages"}],"about":[{"href":"https:\/\/www.institut-systeme.de\/html\/wp-json\/wp\/v2\/types\/page"}],"author":[{"embeddable":true,"href":"https:\/\/www.institut-systeme.de\/html\/wp-json\/wp\/v2\/users\/1"}],"replies":[{"embeddable":true,"href":"https:\/\/www.institut-systeme.de\/html\/wp-json\/wp\/v2\/comments?post=9"}],"version-history":[{"count":37,"href":"https:\/\/www.institut-systeme.de\/html\/wp-json\/wp\/v2\/pages\/9\/revisions"}],"predecessor-version":[{"id":3549,"href":"https:\/\/www.institut-systeme.de\/html\/wp-json\/wp\/v2\/pages\/9\/revisions\/3549"}],"wp:attachment":[{"href":"https:\/\/www.institut-systeme.de\/html\/wp-json\/wp\/v2\/media?parent=9"}],"curies":[{"name":"wp","href":"https:\/\/api.w.org\/{rel}","templated":true}]}}