{"id":89,"date":"2017-07-25T14:59:55","date_gmt":"2017-07-25T12:59:55","guid":{"rendered":"https:\/\/www.institut-systeme.de\/html?page_id=89"},"modified":"2019-03-13T16:26:06","modified_gmt":"2019-03-13T15:26:06","slug":"auftrittscoaching","status":"publish","type":"page","link":"https:\/\/www.institut-systeme.de\/html\/coaching-aml\/coachingthemen\/auftrittscoaching\/","title":{"rendered":"Auftrittscoaching"},"content":{"rendered":"<p><strong>Auftrittscoaching<\/strong><\/p>\n<p>Wir haben lange Erfahrung darin, <strong>fachlich Professionellen aller Berufsgruppen<\/strong> (K\u00fcnstler, Musiker, Sportler, Moderatoren) dazu zu verhelfen, ihren Auftritt gelassen, zufrieden und effektiv zu gestalten. <strong>Zu den meisten F\u00fchrungs-Positionen<\/strong> geh\u00f6rt es, sich vor der Presse zu \u00e4u\u00dfern, einen Vortrag zu halten, zu pr\u00e4sentieren, eine Ansprache, einen Studientag oder Besprechungen zu leiten. <strong>Doktoranden<\/strong> tragen auf wissenschaftlichen Kongressen vor. <strong>Examenskanditaten<\/strong> wollen Pr\u00fcfungen meistern und bestehen.<\/p>\n<p>Wenn es negative Vorerfahrungen gab oder die Situation erstmalig auf Sie zukommt, kann es gut sein, uns als Coach dazu zu nutzen. Es geht darum, Wissen abrufen zu k\u00f6nnen im anstregenden Umfeld der Bewertung, Begutachtung und Auswahl. Manchmal ist diese Situation real davon gepr\u00e4gt, manchmal wird es nur so erlebt und wirkt dennoch so. Zur fachlichen Versiertheit geh\u00f6rt hierbei die pers\u00f6nliche Performance im entsprechenden sozialen Kontext. Man kann lernen, gerade mit seinen eigenen M\u00f6glichkeiten eine Note zu setzen und sein eigenes Vorgehen zu finden. Als psychologische Senior Coaches\u00a0 haben wir viel Meta-Handwerkzeug, das Ihnen zur Verf\u00fcgung gestellt wird, um ihre Art dadurch sogar noch zudem zu unterstreichen. Das reicht vom systemischen Draufblick bis hin zur Selbsthypnose und zur eigenen Situationsgestaltung. Und wir arbeiten bei Bedarf in der Schnittstelle Psychotherapie\/Coaching z.B. bei Fragen von \u00c4ngsten oder des Selbstbewusstseins.<\/p>\n","protected":false},"excerpt":{"rendered":"<p><a class=\"ninja_pages_read_more\"  href=\"https:\/\/www.institut-systeme.de\/html\/coaching-aml\/coachingthemen\/auftrittscoaching\/\"><\/a><\/p>\n","protected":false},"author":1,"featured_media":0,"parent":85,"menu_order":2,"comment_status":"closed","ping_status":"closed","template":"","meta":{"footnotes":""},"class_list":["post-89","page","type-page","status-publish","hentry"],"aioseo_notices":[],"_links":{"self":[{"href":"https:\/\/www.institut-systeme.de\/html\/wp-json\/wp\/v2\/pages\/89","targetHints":{"allow":["GET"]}}],"collection":[{"href":"https:\/\/www.institut-systeme.de\/html\/wp-json\/wp\/v2\/pages"}],"about":[{"href":"https:\/\/www.institut-systeme.de\/html\/wp-json\/wp\/v2\/types\/page"}],"author":[{"embeddable":true,"href":"https:\/\/www.institut-systeme.de\/html\/wp-json\/wp\/v2\/users\/1"}],"replies":[{"embeddable":true,"href":"https:\/\/www.institut-systeme.de\/html\/wp-json\/wp\/v2\/comments?post=89"}],"version-history":[{"count":14,"href":"https:\/\/www.institut-systeme.de\/html\/wp-json\/wp\/v2\/pages\/89\/revisions"}],"predecessor-version":[{"id":1532,"href":"https:\/\/www.institut-systeme.de\/html\/wp-json\/wp\/v2\/pages\/89\/revisions\/1532"}],"up":[{"embeddable":true,"href":"https:\/\/www.institut-systeme.de\/html\/wp-json\/wp\/v2\/pages\/85"}],"wp:attachment":[{"href":"https:\/\/www.institut-systeme.de\/html\/wp-json\/wp\/v2\/media?parent=89"}],"curies":[{"name":"wp","href":"https:\/\/api.w.org\/{rel}","templated":true}]}}