{"id":65,"date":"2017-07-25T14:56:13","date_gmt":"2017-07-25T12:56:13","guid":{"rendered":"https:\/\/www.institut-systeme.de\/html?page_id=65"},"modified":"2021-01-22T10:40:25","modified_gmt":"2021-01-22T09:40:25","slug":"gruppen","status":"publish","type":"page","link":"https:\/\/www.institut-systeme.de\/html\/psychotherapie-aml\/gruppen\/","title":{"rendered":"Gruppen"},"content":{"rendered":"<p><strong>Im Fr\u00fchjahr und Herbst bieten wir traditionell die hier entwickelte &#8220;Ressourcengruppe zum Erlernen der Selbsthypnose\/des Mentalen Trainings&#8221; an.<\/strong><\/p>\n<p>Sie hei\u00dft &#8220;Ressourcen&#8221;-Gruppe, da sie nach Hypno-Systemischem Prinzip und Hintergrund vorgeht. Dieser Hintergrund unterscheidet sich von der sogenannten &#8220;Psychoedukation&#8221; darin, dass jeder Teilnehmer aktiv\u00a0 angesprochen und gerade individuell angeregt wird. Eine Hypno-Systemische Vorgehensweise geht davon aus, dass Sie immer M\u00f6glichkeiten in sich haben, einen Umgang f\u00fcr Ihre Lebenssituation zu finden. Diese sind aber vielleicht nicht direkt zug\u00e4nglich oder anders von Ihnen definiert. <strong>Gerade Hypno-Systemischen Vorgehensprinzipien helfen, diese M\u00f6glichkeiten zu \u201eheben\u201c und Ihnen deutlich sp\u00fcrbar zu machen. <\/strong><\/p>\n<p>Um diese Verfahren individuell anzuwenden, wird in der psychotherapeutisch geleiteten Gruppe\u00a0 eine hypno-systemische Ziel- und Auftragskl\u00e4rung als immer n\u00f6tige Grundlage f\u00fcr ihre eigene Entwicklung angeleitet. <strong>Dazu lehren wir Mentales Training und Selbsthypnose.<\/strong><\/p>\n<p><strong>\u00a0<\/strong><strong>Die kleine Gruppe <\/strong>setzt sich zusammen aus Menschen, die aus unterschiedlichen Lebenszusammenh\u00e4ngen das Erlernen des Mentalen Trainings\/der Selbsthypnose w\u00fcnschen, um damit ihre Themen anders effektiv anzugehen.<\/p>\n<p><strong>Solche Themen k\u00f6nnten sein:<\/strong><\/p>\n<p>Resilienter werden, sein und bleiben; gesundes Gewicht erreichen; rauchfrei zu werden; befreit von Schmerzen; gut Schlafen; zufriedene Stimmung haben; gelassen sein; neue Situationen angehen; sich vertrauen k\u00f6nnen \u2026 usw.<\/p>\n<p>Bei chronifizierten Beschwerden kann es gro\u00dfen Sinn machen, sich zuvor in Einzelgespr\u00e4chen unterst\u00fctzt so zu sortieren, um sich dann in der Gruppe selbsthypnotisch weiter zu entwickeln.<\/p>\n<p><strong>Die Gruppe findet an 5 Abenden statt, dienstags von 18:00-19:30. <\/strong><\/p>\n<p><strong>Anmeldung \u00fcber Sekretariat.<\/strong><\/p>\n<p><strong><a href=\"https:\/\/www.institut-systeme.de\/html\/wp-content\/uploads\/2017\/08\/ressourcengruppe.pdf\">Flyer zum Downloaden<\/a><\/strong><\/p>\n","protected":false},"excerpt":{"rendered":"<p><a class=\"ninja_pages_read_more\"  href=\"https:\/\/www.institut-systeme.de\/html\/psychotherapie-aml\/gruppen\/\"><\/a><\/p>\n","protected":false},"author":1,"featured_media":0,"parent":4,"menu_order":5,"comment_status":"closed","ping_status":"closed","template":"","meta":{"footnotes":""},"class_list":["post-65","page","type-page","status-publish","hentry"],"aioseo_notices":[],"_links":{"self":[{"href":"https:\/\/www.institut-systeme.de\/html\/wp-json\/wp\/v2\/pages\/65","targetHints":{"allow":["GET"]}}],"collection":[{"href":"https:\/\/www.institut-systeme.de\/html\/wp-json\/wp\/v2\/pages"}],"about":[{"href":"https:\/\/www.institut-systeme.de\/html\/wp-json\/wp\/v2\/types\/page"}],"author":[{"embeddable":true,"href":"https:\/\/www.institut-systeme.de\/html\/wp-json\/wp\/v2\/users\/1"}],"replies":[{"embeddable":true,"href":"https:\/\/www.institut-systeme.de\/html\/wp-json\/wp\/v2\/comments?post=65"}],"version-history":[{"count":9,"href":"https:\/\/www.institut-systeme.de\/html\/wp-json\/wp\/v2\/pages\/65\/revisions"}],"predecessor-version":[{"id":2247,"href":"https:\/\/www.institut-systeme.de\/html\/wp-json\/wp\/v2\/pages\/65\/revisions\/2247"}],"up":[{"embeddable":true,"href":"https:\/\/www.institut-systeme.de\/html\/wp-json\/wp\/v2\/pages\/4"}],"wp:attachment":[{"href":"https:\/\/www.institut-systeme.de\/html\/wp-json\/wp\/v2\/media?parent=65"}],"curies":[{"name":"wp","href":"https:\/\/api.w.org\/{rel}","templated":true}]}}