{"id":63,"date":"2017-07-25T14:55:57","date_gmt":"2017-07-25T12:55:57","guid":{"rendered":"https:\/\/www.institut-systeme.de\/html?page_id=63"},"modified":"2018-11-21T10:01:17","modified_gmt":"2018-11-21T09:01:17","slug":"psychotherapie-fur-aerzte-und-psychotherapeuten","status":"publish","type":"page","link":"https:\/\/www.institut-systeme.de\/html\/psychotherapie-aml\/psychotherapie-fur-aerzte-und-psychotherapeuten\/","title":{"rendered":"AML Psychotherapie f\u00fcr FachkollegInnen"},"content":{"rendered":"<h3>Psychotherapie\u00a0 und Psychotherapie- Schnitttstelle Coaching<\/h3>\n<p>Durch den Kontakt mit Kollegen und Kolleginnen in den Weiterbildungen und \u00fcber die Gruppensupervisionen (siehe diese dort unter Supervision) hinaus, entwickelten sich Anfragen nach Einzelsitzungen des beruflichen und privaten Bereichs.<\/p>\n<h3>Berufliche Themen u.a.:<\/h3>\n<p>Selbstmanagement, Praxis-Team-Coaching, Selbst\u00e4ndigkeit und Familienunternehmen, Praxisstrukturen, Arbeitsschwerpunkte, Supervision f\u00fcr schwierige F\u00e4lle, Einsatz von Hypnotherapie in einer Hypnotherapiepraxis usw.<\/p>\n<h3>Private Themen u.a.:<\/h3>\n<p>Gesundheitsmanagement, Burnout, Psychosomatik, psychische Entlastung und Lebensqualit\u00e4t, besondere Lebensthemen in Paarbeziehung, Familie, Resilienzst\u00e4rkung usw.<br \/>\nHypnose und Hypnotherapie an eigenen Themen selbst erfahren zum Abnehmen, Nikotinfrei sein, Schlafgenuss, psychischer Balance, Psychotherapie (Depression, \u00c4ngste, Zw\u00e4nge&#8230;) usw.<br \/>\nPsychotherapie<\/p>\n<h3>Paartherapie und Einzeltherapie:<\/h3>\n<p>Oft geht es gerade auch um Konsultationen im mittleren und h\u00f6heren Lebensalter, die sowohl private und berufliche Situationen &#8211; z.B. in der Freiberuflichkeit &#8211; miteinander verzahnt, zum Inhalt haben. So verweben sich Lebensthemen, gewachsene Muster im Lebenslauf und aktuelle Anl\u00e4sse mit komplexen Fragestellungen.<br \/>\nAn dieser Stelle kommt unsere Doppelqualifikation von Psychotherapeutin und Senior Coach sowie eigene Lebenserfahrung f\u00fcr Sie zum Tragen.<\/p>\n<p>Bitte wenden Sie sich bei Wunsch an meine pers\u00f6nliche Mail-Adresse: <a href=\"&#109;&#x61;&#x69;l&#116;&#x6f;:&#65;&#x6e;&#x6e;&#101;&#x2e;&#x4d;&#46;&#76;&#x61;n&#103;&#x40;&#x77;&#101;&#x62;&#x2e;d&#101;\">A&#110;&#x6e;&#x65;&#46;&#77;&#x2e;&#x4c;a&#110;&#x67;&#x40;w&#101;&#x62;&#x2e;d&#101;<\/a>, die ich allein einsehe. Terminvergabe erfolgt \u00fcber mein Sekretariat.<\/p>\n","protected":false},"excerpt":{"rendered":"<p><a class=\"ninja_pages_read_more\"  href=\"https:\/\/www.institut-systeme.de\/html\/psychotherapie-aml\/psychotherapie-fur-aerzte-und-psychotherapeuten\/\"><\/a><\/p>\n","protected":false},"author":1,"featured_media":0,"parent":4,"menu_order":4,"comment_status":"closed","ping_status":"closed","template":"","meta":{"footnotes":""},"class_list":["post-63","page","type-page","status-publish","hentry"],"aioseo_notices":[],"_links":{"self":[{"href":"https:\/\/www.institut-systeme.de\/html\/wp-json\/wp\/v2\/pages\/63","targetHints":{"allow":["GET"]}}],"collection":[{"href":"https:\/\/www.institut-systeme.de\/html\/wp-json\/wp\/v2\/pages"}],"about":[{"href":"https:\/\/www.institut-systeme.de\/html\/wp-json\/wp\/v2\/types\/page"}],"author":[{"embeddable":true,"href":"https:\/\/www.institut-systeme.de\/html\/wp-json\/wp\/v2\/users\/1"}],"replies":[{"embeddable":true,"href":"https:\/\/www.institut-systeme.de\/html\/wp-json\/wp\/v2\/comments?post=63"}],"version-history":[{"count":7,"href":"https:\/\/www.institut-systeme.de\/html\/wp-json\/wp\/v2\/pages\/63\/revisions"}],"predecessor-version":[{"id":1106,"href":"https:\/\/www.institut-systeme.de\/html\/wp-json\/wp\/v2\/pages\/63\/revisions\/1106"}],"up":[{"embeddable":true,"href":"https:\/\/www.institut-systeme.de\/html\/wp-json\/wp\/v2\/pages\/4"}],"wp:attachment":[{"href":"https:\/\/www.institut-systeme.de\/html\/wp-json\/wp\/v2\/media?parent=63"}],"curies":[{"name":"wp","href":"https:\/\/api.w.org\/{rel}","templated":true}]}}