{"id":3450,"date":"2024-02-15T09:49:55","date_gmt":"2024-02-15T08:49:55","guid":{"rendered":"https:\/\/www.institut-systeme.de\/html\/?page_id=3450"},"modified":"2025-02-20T15:20:39","modified_gmt":"2025-02-20T14:20:39","slug":"systemische-selbsterfahrung-u-a-fuer-pias","status":"publish","type":"page","link":"https:\/\/www.institut-systeme.de\/html\/weiterbildung-meg-dgfs\/systemische-selbsterfahrung-u-a-fuer-pias\/","title":{"rendered":"Systemische Selbsterfahrung u.a. f\u00fcr PiAs"},"content":{"rendered":"<p>Als von der <a href=\"https:\/\/www.ptk-nrw.de\/\"><strong>Psychotherapeutenkammer NRW zertifizierte<\/strong><\/a> Selbsterfahrungsleiter und Supervisionserm\u00e4chtigte f\u00fcr VT, TP und ST f\u00fchren wir in den Bonner\u00a0AML Instituten Systemische Selbsterfahrung im <strong>Einzelsetting<\/strong> und <strong>Gruppensetting<\/strong> durch.<\/p>\n<p>Wir arbeiten dabei mit den regionalen Approbationsinstituten (Rhein-Eifel, KBAV, KBAP, ifs, APP usw.)\u00a0zusammen.<\/p>\n<p>Die <strong>Systemische Selbsterfahrung<\/strong> findet statt unter der Leitung von:<\/p>\n<ul>\n<li>Psych. PP Anne M. Lang<\/li>\n<li>Psych. PP Anke Uhlemann<\/li>\n<\/ul>\n<p>Systemisches Vorgehen praktizieren sie bereits seit 1980, d.h. weit vor dem Psychotherapeutengesetz (1999). Sie sind seit 40 Jahren u.a. als Systemische Therapeutinnen t\u00e4tig.<\/p>\n<p>Dadurch konnten sie die Entwicklung der Systemischen Therapie in Deutschland als Zeitzeuginnen von Anfang an miterleben und kennen ihren Ursprung, Geschichte und Entwicklung.<\/p>\n<p><strong>Das Institut ist ein zertifiziertes Mitgliedsinstitut der <a href=\"https:\/\/www.dgsf.org\/zertifizierung\/akkreditierung\">Deutschen Gesellschaft f\u00fcr Systemische Therapie, Beratung und Familientherapie<\/a> (DGSF).<\/strong><\/p>\n<p>Anne M. Lang ist zudem DGSF zertifizierte Weiterbilderin f\u00fcr Systemische Therapie, Coaching und Supervision.<\/p>\n<p>Die Bonner Ausrichtung der AML Institute mit ihren S\u00e4ulen der Weiterbildung, Psychotherapie Praxis und Coaching Bereich spiegelt die Vorgehensbreite in der Systemischen Selbsterfahrung. So erfahren Sie hier auch die ganze thematische Bandbreite von humanistischen, analytischen Beitr\u00e4gen bis zu einer \u00a0konstruktivistisch ausgerichteten Systemischen Selbsterfahrung:<\/p>\n<p>&nbsp;<\/p>\n<ul>\n<li><strong>Ganzt\u00e4gige Gruppenangebote<\/strong> (8 UE \u2013 208,- \u20ac) buchen Sie bitte online \u00fcber unseren Kalender oder per E-Mail an <a href=\"&#x6d;&#97;i&#x6c;&#x74;&#111;:&#x69;&#110;f&#x6f;&#x40;&#105;n&#x73;&#116;i&#x74;&#x75;&#116;-&#x73;&#x79;&#115;&#x74;&#x65;&#109;e&#x2e;&#x64;&#101;\">i&#110;&#x66;&#x6f;&#64;&#105;&#x6e;&#x73;t&#105;&#x74;&#x75;t&#45;&#x73;&#x79;s&#116;&#x65;&#x6d;e&#46;&#100;&#x65;<\/a><\/li>\n<\/ul>\n<ul>\n<li><strong>Einzeltermine<\/strong> f\u00fcr die Selbsterfahrung (F\u00fcr PiAs 1 UE &#8211; 160,- .\u20ac) vereinbaren Sie bitte telefonisch mit dem Sekretariat.<\/li>\n<li><a href=\"https:\/\/www.institut-systeme.de\/html\/wp-content\/uploads\/2025\/02\/24fuer25.pdf\" target=\"_blank\" rel=\"noopener\">Inhalte Systemische Selbsterfahrung<\/a><\/li>\n<\/ul>\n<p>&nbsp;<\/p>\n<p><strong>\u00a0<\/strong><\/p>\n","protected":false},"excerpt":{"rendered":"<p><a class=\"ninja_pages_read_more\"  href=\"https:\/\/www.institut-systeme.de\/html\/weiterbildung-meg-dgfs\/systemische-selbsterfahrung-u-a-fuer-pias\/\"><\/a><\/p>\n","protected":false},"author":2,"featured_media":0,"parent":9,"menu_order":0,"comment_status":"closed","ping_status":"closed","template":"","meta":{"footnotes":""},"class_list":["post-3450","page","type-page","status-publish","hentry"],"aioseo_notices":[],"_links":{"self":[{"href":"https:\/\/www.institut-systeme.de\/html\/wp-json\/wp\/v2\/pages\/3450","targetHints":{"allow":["GET"]}}],"collection":[{"href":"https:\/\/www.institut-systeme.de\/html\/wp-json\/wp\/v2\/pages"}],"about":[{"href":"https:\/\/www.institut-systeme.de\/html\/wp-json\/wp\/v2\/types\/page"}],"author":[{"embeddable":true,"href":"https:\/\/www.institut-systeme.de\/html\/wp-json\/wp\/v2\/users\/2"}],"replies":[{"embeddable":true,"href":"https:\/\/www.institut-systeme.de\/html\/wp-json\/wp\/v2\/comments?post=3450"}],"version-history":[{"count":5,"href":"https:\/\/www.institut-systeme.de\/html\/wp-json\/wp\/v2\/pages\/3450\/revisions"}],"predecessor-version":[{"id":3867,"href":"https:\/\/www.institut-systeme.de\/html\/wp-json\/wp\/v2\/pages\/3450\/revisions\/3867"}],"up":[{"embeddable":true,"href":"https:\/\/www.institut-systeme.de\/html\/wp-json\/wp\/v2\/pages\/9"}],"wp:attachment":[{"href":"https:\/\/www.institut-systeme.de\/html\/wp-json\/wp\/v2\/media?parent=3450"}],"curies":[{"name":"wp","href":"https:\/\/api.w.org\/{rel}","templated":true}]}}