{"id":33,"date":"2017-07-25T14:49:28","date_gmt":"2017-07-25T12:49:28","guid":{"rendered":"https:\/\/www.institut-systeme.de\/html?page_id=33"},"modified":"2024-05-07T13:40:35","modified_gmt":"2024-05-07T11:40:35","slug":"was-ist-los-in-bonn","status":"publish","type":"page","link":"https:\/\/www.institut-systeme.de\/html\/was-ist-los-in-bonn\/","title":{"rendered":"Was ist los in Bonn"},"content":{"rendered":"<p><strong><a href=\"http:\/\/www.institut-systeme.de\/html\/joomla\/index.php?option=com_content&amp;view=article&amp;id=165:was-ist-los-in-bonn&amp;catid=2:uncategorised&amp;Itemid=244\">Was ist los in Bonn<\/a><\/strong><\/p>\n<p><strong>Bonn ABC &#8211; ein Bonner G\u00e4stef\u00fchrer f\u00fcr unsere Praktikanten und Seminarteilnehmer von Anne Lang<\/strong><\/p>\n<p><strong>\u00dcber weitere Tipps von Ihnen freuen wir uns.<\/strong><\/p>\n<p><strong><em>A<\/em><\/strong><\/p>\n<p><strong>Alter Zoll: <\/strong>alte Zollstation am Rhein (Brassertufer, 53113 Bonn)<br \/>\nBietet einen sch\u00f6nen Ausblick \u00fcber den Rhein auf die Beuler Seite, am Rheinufer. Man kann am Koblenzer Tor zum Rhein hin eine Trasse an der alten Stadtmauer hoch gehen.<\/p>\n<p><strong>Altstadt:<\/strong><br \/>\nIst saniert und ein Gro\u00dfteil ist Fu\u00dfg\u00e4ngerzone. Es gibt viel Interessantes, viel Multikulti und viel Gastronomie.<\/p>\n<p><strong>Akademisches Kunstmuseum:<\/strong> (Am Hofgarten 21, 53113 Bonn)<br \/>\nhttp:\/\/www.antikensammlung.uni-bonn.de\/<\/p>\n<p><strong>\u00c4gyptisches Museum:<\/strong> (Regina-Pacis-Weg 7, 53113 Bonn)<br \/>\n<a href=\"http:\/\/www.aegyptisches-museum.uni-bonn.de\/\">http:\/\/www.aegyptisches-museum.uni-bonn.de\/<\/a><\/p>\n<p><strong><em>B<\/em><\/strong><\/p>\n<p><strong>Bastei:<\/strong> an der F\u00e4hre \u00fcber den Rhein in Bad Godesberg (Von-Sandt-Ufer 1, 53173 Bonn) Zum Stadtkern Bad Godesberg\u00a0 hin befinden sich alte Villen. Zum Rhein hin steht das F\u00e4hrhaus mit drei Etagen (Gastronomie: oben befindet sich im Sommer ein Biergarten mit tollem Ausblick \u00fcber das Rheintal, im unteren Bereich sitzt man altb\u00f6nsch).<\/p>\n<p><strong>Bundeskunsthalle:<\/strong> (Friedrich-Ebert-Allee 4, 53113 Bonn)<br \/>\nIst immer ein Besuch wert. Es gibt tolle Ausstellungen &#8211; nicht nur K\u00fcnstler sondern auch Themen, Museumsportal, zwei Kaffees, sehenswerte Architektur, auf der Bundeskunsthalle oberhalb der Garten (unbedingt aufsteigen) <a href=\"http:\/\/www.bundeskunsthalle.de\/index.html\">http:\/\/www.bundeskunsthalle.de\/index.html<\/a><\/p>\n<p><strong>Beethovenhalle:<\/strong> (Wachsbleiche 16, 53111 Bonn)<br \/>\n<a href=\"http:\/\/www.beethovenhalle.de\/\">http:\/\/www.beethovenhalle.de\/<\/a><\/p>\n<p><strong>Beethovenhaus:<\/strong> in der Wenzelgasse im Stadtkern und in der Fu\u00dfg\u00e4ngerzone. Ein \u201eMust\u201c f\u00fcr Bonn Besucher. In der Wenzelgasse zum Bertha von Suttnerplatz hin ein altes sch\u00f6nes Brauhaus.<\/p>\n<p><strong>Botanische G\u00e4rten:<\/strong> (Meckenheimer Allee 171, 53115 Bonn)<br \/>\nSie sind alt und besonders. Hier finden Sie 11 Millionen Jahre altes naturpr\u00e4pariertes Holz aus den Braunkohlegruben Garsweiler bei K\u00f6ln.<br \/>\n<a href=\"http:\/\/www.botgart.uni-bonn.de\/\">http:\/\/www.botgart.uni-bonn.de\/<\/a><\/p>\n<p><strong><em>C<\/em><\/strong><\/p>\n<p><strong>Clemens Auguststra\u00dfe:<\/strong> in Poppelsdorf:<br \/>\nHier findet man alles &#8211; Gastronomie, B\u00fccher, B\u00e4ckereien, franz\u00f6sische Konditoreien, Eisdiele (nur im Sommer), Parf\u00fcmerie, Apotheke, Billarden, Friseur, Hotels (zu empfehlen &#8220;My Poppelsdorf&#8221; Wallfahrtsweg 4, 53115 Bonn)<\/p>\n<p><strong><em>D<\/em><\/strong><\/p>\n<p><strong>Deutsche Welle:<\/strong> im Regierungsviertel (Kurt-Schumacher-Stra\u00dfe 3 53113 Bonn)<br \/>\nModernes Geb\u00e4ude mit Parkanlage<\/p>\n<p><strong><em>E<\/em><\/strong><\/p>\n<p><strong>Endenich:<\/strong><br \/>\nViertel, das an Poppelsdorf grenzt. Hier gibt es ein altes Programmkino, das \u201eRex\u201c, die Kabaretlocation \u201eSpringmaus\u201c, Szenelokal,\u00a0 Studentenkneipen und. Gastronomie<\/p>\n<p><strong><em>F<\/em><\/strong><\/p>\n<p><strong>Frauenmuseum:<\/strong> (Im Krausfeld 10, 53111 Bonn)<br \/>\nHier stellen nur Frauen aus.<br \/>\n<a href=\"http:\/\/www.frauenmuseum.de\/\">http:\/\/www.frauenmuseum.de\/<\/a><\/p>\n<p><strong>Flohmarkt:<\/strong><br \/>\n(Rheinauenpark Gro\u00dfe Blumenwiese, Ludwig-Erhardt-Allee 53175 Bonn). Immer erste Sa im Monat in den Sommermonaten.<br \/>\n<a href=\"http:\/\/www.flohmarkt-rheinaue.de\/\">http:\/\/www.flohmarkt-rheinaue.de\/<\/a><\/p>\n<p><strong><em>G<\/em><\/strong><\/p>\n<p><strong>Gastronomie in Bonn:<\/strong><br \/>\nIm Sommer kann man am alten Rathaus im Bistro am Markt drau\u00dfen sitzen; es gibt ein Sushi lokal in der Stockengasse zwischen Uni und Markt. Dort gibt es auch das \u201eDeli\u201c und \u201eFried Flamingos\u201c f\u00fcr eine kleine K\u00f6stlichkeit zwischendurch.<br \/>\nDas \u201eRossis\u201c am Stockentor ist empfehlenswert. Gegen\u00fcber gibt es ein Steakhaus. An\u00a0 Rhein und Oper gibt es das gro\u00dfe Bistro \u201edie B\u00fchne\u201c. Hier gibt es tolle t\u00fcrkisch- mittelmeerl\u00e4ndische Vorspeisenteller. Das Makiman in Beuel ist empfehlenswert. Und in dre Reuterstrasse Ecke Jadgweg die Pizzeria &#8220;Riviera&#8221; ein traditionell &#8211; noch aus meinen Studententagen &#8211; sehr guter Italiener. Argentinische Steakhaus direkt wenn man von hier auf die Clemens-Auguststrasse st\u00f6\u00dft; man geht in den Keller runter.<\/p>\n<p><strong><em>H<\/em><\/strong><\/p>\n<p><strong>Hofgartenwiese: (Am Hofgarten)<\/strong><br \/>\nIm Sommer ist sie eine Liegewiese, auf der sich Studenten tummeln. In der Zeit als Bonn noch Hauptstadt war, fanden hier studentische Demonstrationen statt. Am unteren Ende befindet sich das akademische Kunstmuseum mit bekannten r\u00f6mischen und griechischen Statuen aus Gips (.s.o.)<\/p>\n<p><strong><em>I<\/em><\/strong><\/p>\n<p><strong>Innenstadt: <\/strong><br \/>\nDie Innenstadt von Bonn ist Fu\u00dfg\u00e4ngerzone. Die \u00e4lteste \u00fcberhaupt, wie es hei\u00dft. Sie k\u00f6nnen stundenlang zwischen den alten H\u00e4uschen mit Jahreszahl flanieren. Achten Sie auf die Hausinschriften. Am Marktplatz befindet sich ein Obelisk. Au\u00dferdem ist dort t\u00e4glich Markt.<br \/>\nModerne und alteingesessene Gesch\u00e4fte befinden sich in der Sternstrasse.<br \/>\nBesonders sch\u00f6n ist auch die Friedrichstra\u00dfe.<br \/>\nKaffee \u201eFassbender\u201c befindet sich am Dreieck, ebenso ein Teeh\u00e4uschen, das \u201eMidi\u201c ist eine tolle Lokation am M\u00fcnster Platz vor der Beethovenstatur.<br \/>\nEinen Blumenmarkt finden sie zwischen M\u00fcnsterplatz und Marktplatz.<br \/>\nDas \u201eBlau\u201c ist ein\u00a0 interessantes Studentenbistro im ehemaligen Hallen- Schwimmbad an der Uni\/ Koblenzer Tor.<br \/>\nOder sie wechseln zur \u201eSch\u00e4l Sick\u201c auf die andere Rheinseite nach Beuel. Zu Karneval tobt hier an Weiberfastnacht der B\u00e4r! Hier f\u00fchrt die Bonner W\u00e4scherinprinzsssin das Regiment und sie als Frau best\u00fcrmt das Beuler Rathaus.. Sie kommen nach Beuel mit der Stra\u00dfenbahn einfach vom Bertha von Suttnerplatz r\u00fcber. In Beuel k\u00f6nnen sie im \u201eBahnh\u00f6fchen\u201c am Rhein einen Kaffee trinken und dann die Sonne auf dieser Rheinwiese genie\u00dfen.<\/p>\n<p><strong><em>K<\/em><\/strong><\/p>\n<p><strong>Kameha, Bonn Beuel hinter der S\u00fcdbr\u00fccke:<\/strong> Leading Hotel of the World. Interessante Designausstattung. Rabatt- \u00dcbernachtungspreise. Davor sch\u00f6ne Rheinpromenade.<\/p>\n<p><strong>Kunstverein am Kaiser Karl Ring:<\/strong> (Hochstadenring 22, 53119 Bonn)<br \/>\n<a href=\"http:\/\/www.bonner-kunstverein.de\/\">http:\/\/www.bonner-kunstverein.de\/<\/a><br \/>\nHier gibt es neben einem netten Kaffee immer viel Innovatives zu sehen.<\/p>\n<p><strong><em>L<\/em><\/strong><\/p>\n<p><strong>Landesmuseum:<\/strong> (Colmantstra\u00dfe 14-16, 53115 Bonn)<br \/>\nDirekt hinter dem Bahnhof in der Colmanstrasse befindet sich das Museum. Es gibt ebenfalls einen Gastronomiebetrieb und ein kleines L\u00e4dchen. Im Museum sind alte rheinische Ausgrabungen und diverse andere Veranstaltungen zu besuchen.<\/p>\n<p><strong><em>M<\/em><\/strong><\/p>\n<p><strong>Mariott, World Conference Center: <\/strong>17. Etage Dachterasse &#8211;\u00a0 das &#8220;Konradts&#8221; Restauration und Bar und sch\u00f6nster Blick \u00fcber das Rheintal in beide Richtungen.<strong><br \/>\n<\/strong><\/p>\n<p><strong>Museumsmeile:<\/strong><br \/>\nDie Museumsmeile ist ein Ensemble von vier Museen in einer Strasse, der Adenauer Alle, an der auch die Villa Hammerschmidt liegt.<br \/>\n<strong>&#8211; zoologisches Museum K\u00f6nig:<\/strong><br \/>\nAdenauerallee 160, 53113 Bonn<br \/>\n<a href=\"https:\/\/www.zfmk.de\/de\">https:\/\/www.zfmk.de\/de<\/a><br \/>\n<strong>&#8211; Haus der Geschichte<\/strong><br \/>\nWilly-Brandt-Allee 14, 53113 Bonn<br \/>\n<a href=\"http:\/\/www.hdg.de\/bonn\/\">http:\/\/www.hdg.de\/bonn\/<\/a><br \/>\n<strong>&#8211; Kunstmuseum<\/strong><br \/>\nFriedrich-Ebert-Allee 2, 53113 Bonn<br \/>\n<a href=\"http:\/\/www.kunstmuseum-bonn.de\/\">http:\/\/www.kunstmuseum-bonn.de\/<\/a><br \/>\n<strong>&#8211; Bundeskunsthalle<\/strong><br \/>\nFriedrich-Ebert-Allee 4, 53113 Bonn<br \/>\n<a href=\"http:\/\/www.bundeskunsthalle.de\/index.html\">http:\/\/www.bundeskunsthalle.de\/index.html<\/a><\/p>\n<p><strong><em>O<\/em><\/strong><\/p>\n<p><strong>Oper: <\/strong>am Rhein direkt an der Kennedybr\u00fccke (Am Boeselagerhof 1, 53111 Bonn)<br \/>\nAn der R\u00fcckseite finden die Kammerspiele statt.<br \/>\n<a href=\"http:\/\/www.theater-bonn.de\/\">http:\/\/www.theater-bonn.de\/<\/a><\/p>\n<p><strong><em>P<\/em><\/strong><\/p>\n<p><strong>Posttower:<\/strong> im Regierungsviertel (Platz der Deutschen Post 1, 53113 Bonn)<br \/>\nDieser ist \u00fcberall in Bonn zu sehen. Rund herum befindet sich die Rheinaue. Die Gegend eignet sich toll zum Spazierengehen. Im Sommer gibt es, immer am Esten Samstag im Monat, einen riesen Flohmarkt (<a href=\"http:\/\/www.flohmarkt-rheinaue.de\/\">http:\/\/www.flohmarkt-rheinaue.de\/<\/a>).<\/p>\n<p><strong><em>R<\/em><\/strong><\/p>\n<p><strong>Rolandsbahnhof:<\/strong> durch Bad Godesberg durch und dahinter an der B9, an der F\u00e4hre nach Oberdollendorf. Rechte Seite Arp Museum und alter Jugendstil- Bahnhof mit Cafe und Restauration.<\/p>\n<p><strong>Rolandsbogen:<\/strong> F\u00fcr die, die mit dem Auto da sind. Von Bonn aus nach Bad Godesberg und durch Bad Godesberg. Dann links halten nach Wachtberg und Niederbachem und von dort aus den Schildern folgen,\u00a0 links halten. Auf den Bergen linksrheinisch mit Au\u00dfen- und Innen- Restauration und wundersch\u00f6nem Rheintalblick<\/p>\n<p><strong>Rathaus:<\/strong> (Markt 2, 53111 Bonn)<br \/>\nDas alte Rathaus am Marktplatz ist bekannt aus den alten Zeiten, als die politischen Staatsg\u00e4ste der BRD hier auf der Treppe standen.<br \/>\nRegierungsviertel mit \u201eLangem Eugen\u201c, ehemaligem Parlamentsgeb\u00e4ude, das heute Kongresszentrum ist, neuem Posttower, der Bundeskunsthalle usw.<\/p>\n<p><strong><em>S<\/em><\/strong><\/p>\n<p><strong>Statt Reisen:<\/strong><br \/>\nBonn erleben auf besondere Art: Stadtf\u00fchrungen, Theaterf\u00fchrungen, Radtouren, Umlandtouren, Exkursionen und mehr: www.stattreisen-bonn.de<\/p>\n<p><strong>S\u00fcdstadt:<\/strong><br \/>\nHier liegt das Institut. Vers\u00e4umen sie nicht den Botanischen Garten (s.o.) und die Nachbarschaft zu besuchen. Die S\u00fcdstadt ist das gr\u00f6\u00dfte erhaltene Jugendstilviertel Deutschlands. Gehen Sie durch die Stra\u00dfen und bewundern sie die Hausfassaden mit vielen Details. Besonders sch\u00f6n und gleich um die Ecke sind die Luisenstrasse, die Kurf\u00fcrstenstrasse, die Schlossstrasse, die Bl\u00fccherstrasse und die Troschelstrasse.<br \/>\nEin Caf\u00e9, das sich hier niedergelassen hat ist, z.B. das \u201eExtro\u201c in der Wieberstrasse Ecke Schumannstrasse. Veganes Essen gibt es in der K\u00f6nigstrasse. Ein weiteres Caf\u00e9 befindet sich in der Weberstrasse, Ecke Goebenstrasse, das \u201eApfelkind\u201c. Das Mutter Kind Kaffee ist durch den Labelstreit mit\u00a0 \u201eApple\u201c ber\u00fchmt geworden.<\/p>\n<p><strong><em>T<\/em><\/strong><\/p>\n<p><strong>Telekom Dome: <\/strong>(Basketsring 1, 53123 Bonn)<br \/>\nDer Spielort der Telekombaskets.<br \/>\n<a href=\"http:\/\/www.telekom-baskets-bonn.de\/\">http:\/\/www.telekom-baskets-bonn.de\/<\/a><\/p>\n<p><strong><em>U<\/em><\/strong><\/p>\n<p><strong>Uni:<\/strong><br \/>\nDie Uni ist ein mehreren Orten verteilt. Ein Teil ist in der Stadt gelegen, sowie im alten Schloss. Im Poppelsdorfer Schloss befindet sich das botanische Institut rund um den Botanischen Garten. Die Mediziner befinden sich auf dem Venusberg in den Unikliniken.<\/p>\n<p><strong><em>V<\/em><\/strong><\/p>\n<p><strong>Veranstaltungskalender<\/strong> der Stadt Bonn<\/p>\n<p><strong>Viktoria Schwimmbad: <\/strong>(Kaiserstra\u00dfe 1c, 53113 Bonn)<br \/>\n<a href=\"http:\/\/www.viktoriabad.de\/\">http:\/\/www.viktoriabad.de\/<\/a><\/p>\n<p><strong>Venusberg:<\/strong><br \/>\nSch\u00f6n zum Joggen, mit Tierpark und Waldwegen.<\/p>\n<p><strong>Vegetarisch und vegan:<\/strong><br \/>\n&#8211; Veganes Cafe Mae`s Cafe in der S\u00fcdstadt K\u00f6nigstra\u00dfe<br \/>\n&#8211; Veganes und vegetarisches Restaurant \u201eCassius Garten\u201c gegen\u00fcber vom Hauptbahnhof in der Cassiusbastei \u2013 einfach nur genussvolles Speisen!<\/p>\n<p><strong><em>Z<\/em><\/strong><\/p>\n<p>Zoll siehe alter Zoll bei A.<\/p>\n","protected":false},"excerpt":{"rendered":"<p><a class=\"ninja_pages_read_more\"  href=\"https:\/\/www.institut-systeme.de\/html\/was-ist-los-in-bonn\/\"><\/a><\/p>\n","protected":false},"author":1,"featured_media":0,"parent":0,"menu_order":0,"comment_status":"closed","ping_status":"closed","template":"","meta":{"footnotes":""},"class_list":["post-33","page","type-page","status-publish","hentry"],"aioseo_notices":[],"_links":{"self":[{"href":"https:\/\/www.institut-systeme.de\/html\/wp-json\/wp\/v2\/pages\/33","targetHints":{"allow":["GET"]}}],"collection":[{"href":"https:\/\/www.institut-systeme.de\/html\/wp-json\/wp\/v2\/pages"}],"about":[{"href":"https:\/\/www.institut-systeme.de\/html\/wp-json\/wp\/v2\/types\/page"}],"author":[{"embeddable":true,"href":"https:\/\/www.institut-systeme.de\/html\/wp-json\/wp\/v2\/users\/1"}],"replies":[{"embeddable":true,"href":"https:\/\/www.institut-systeme.de\/html\/wp-json\/wp\/v2\/comments?post=33"}],"version-history":[{"count":4,"href":"https:\/\/www.institut-systeme.de\/html\/wp-json\/wp\/v2\/pages\/33\/revisions"}],"predecessor-version":[{"id":3568,"href":"https:\/\/www.institut-systeme.de\/html\/wp-json\/wp\/v2\/pages\/33\/revisions\/3568"}],"wp:attachment":[{"href":"https:\/\/www.institut-systeme.de\/html\/wp-json\/wp\/v2\/media?parent=33"}],"curies":[{"name":"wp","href":"https:\/\/api.w.org\/{rel}","templated":true}]}}