{"id":286,"date":"2017-08-29T17:20:37","date_gmt":"2017-08-29T15:20:37","guid":{"rendered":"https:\/\/www.institut-systeme.de\/html?page_id=286"},"modified":"2024-12-04T16:44:14","modified_gmt":"2024-12-04T15:44:14","slug":"service","status":"publish","type":"page","link":"https:\/\/www.institut-systeme.de\/html\/service\/","title":{"rendered":"Service"},"content":{"rendered":"<h2><strong>Anfahrt:\u00a0<\/strong><\/h2>\n<div class=\"wrapper\">\n<article>\n<div class=\"_brlbs-content-blocker\">\n<div class=\"_brlbs-embed _brlbs-google-maps\">\n<div class=\"brlbs-cmpnt-container brlbs-cmpnt-content-blocker brlbs-cmpnt-with-individual-styles\" data-borlabs-cookie-content-blocker-id=\"google-maps\" data-borlabs-cookie-content=\"PGlmcmFtZSBzdHlsZT0iYm9yZGVyOiAwOyIgc3JjPSJodHRwczovL3d3dy5nb29nbGUuY29tL21hcHMvZW1iZWQ\/cGI9ITFtMTghMW0xMiExbTMhMWQyNTI1Ljg2MzAxMDczMzc0MSEyZDcuMDkzNzk0Njc2NTQ4MTU5ITNkNTAuNzIyNDgwNTY3NzM5ODg2ITJtMyExZjAhMmYwITNmMCEzbTIhMWkxMDI0ITJpNzY4ITRmMTMuMSEzbTMhMW0yITFzMHg0N2JlZTE4MzIxMGFkYzg3JTNBMHhkMDViMzFlNjJlNjY0MjFiITJzUmV1dGVyc3RyYSVDMyU5RmUlMjAyMCUyQyUyMDUzMTEzJTIwQm9ubiE1ZTAhM20yITFzZGUhMnNkZSE0djE3MTU3NzM4MzM0ODQhNW0yITFzZGUhMnNkZSIgd2lkdGg9IjYwMCIgaGVpZ2h0PSI0NTAiIGFsbG93ZnVsbHNjcmVlbj0iYWxsb3dmdWxsc2NyZWVuIj48L2lmcmFtZT4=\">\n<div class=\"brlbs-cmpnt-cb-preset-b brlbs-cmpnt-cb-google-maps\">\n<div class=\"brlbs-cmpnt-cb-thumbnail\" style=\"background-image: url('https:\/\/www.institut-systeme.de\/html\/wp-content\/uploads\/borlabs-cookie\/1\/brlbs-cb-google-maps-main.png')\"><\/div>\n<div class=\"brlbs-cmpnt-cb-main\">\n<div class=\"brlbs-cmpnt-cb-content\">\n<p class=\"brlbs-cmpnt-cb-description\">Sie sehen gerade einen Platzhalterinhalt von <strong>Google Maps<\/strong>. Um auf den eigentlichen Inhalt zuzugreifen, klicken Sie auf die Schaltfl\u00e4che unten. Bitte beachten Sie, dass dabei Daten an Drittanbieter weitergegeben werden.<\/p>\n<p> <a class=\"brlbs-cmpnt-cb-provider-toggle\" href=\"#\" data-borlabs-cookie-show-provider-information role=\"button\">Mehr Informationen<\/a> <\/div>\n<div class=\"brlbs-cmpnt-cb-buttons\"> <a class=\"brlbs-cmpnt-cb-btn\" href=\"#\" data-borlabs-cookie-unblock role=\"button\">Inhalt entsperren<\/a> <a class=\"brlbs-cmpnt-cb-btn\" href=\"#\" data-borlabs-cookie-accept-service role=\"button\" style=\"display: inherit\">Erforderlichen Service akzeptieren und Inhalte entsperren<\/a> <\/div>\n<\/p><\/div>\n<\/p><\/div>\n<\/div>\n<\/div>\n<\/div>\n<\/article>\n<\/div>\n<h3>Anfahrt mit \u00f6ffentlichen Verkehrsmitteln<\/h3>\n<p>Vom Bahnhof aus:<\/p>\n<p><strong>Bus 600<\/strong>, Richtung Ippendorf Altenheim, Haltestelle \u201cLuisenstra\u00dfe\u201d.<\/p>\n<p><strong>Bus 601 und 602<\/strong>, Richtung Venusberg, Haltestelle \u201cAm Botanischen Garten\u201d.<\/p>\n<p><strong>Stra\u00dfenbahn 62<\/strong>, Richtung Dottendorf Quirinusplatz, Haltestelle \u201cWeberstra\u00dfe\u201d.<\/p>\n<h3>Parkm\u00f6glichkeiten:<\/h3>\n<p>In der Luisenstra\u00dfe und anliegenden Stra\u00dfen sind ausreichend Parkm\u00f6glichkeiten vorhanden.<\/p>\n<p>&nbsp;<\/p>\n<h2>Hotelliste <strong>(Preise in \u20ac (incl. Fr\u00fchst\u00fcck u. Mwst.)<\/strong><\/h2>\n<p>Bitte geben Sie bei Ihrer Buchung folgenden Buchungscode an: <strong>NAML<\/strong><\/p>\n<p>&nbsp;<\/p>\n<p><a href=\"https:\/\/www.motel-one.com\/de\/hotels\/bonn\/hotel-bonn-hauptbahnhof\/\" target=\"_blank\" rel=\"noopener\"><em><strong>Motel-One Bonn Hauptbahnhof<\/strong> \u00a0<\/em><\/a>(<a tabindex=\"0\" href=\"https:\/\/www.google.com\/maps\/place\/\/data=!4m2!3m1!1s0x47bee19f3e422591:0x1f96f58698d4bd5e?sa=X&amp;ved=1t:8290&amp;ictx=111\" target=\"_blank\" rel=\"noopener\" data-url=\"\/maps\/place\/\/data=!4m2!3m1!1s0x47bee19f3e422591:0x1f96f58698d4bd5e?sa=X&amp;ved=2ahUKEwjdlpDD45GGAxWG8gIHHd4BAX0Q4kB6BAgYEAA\">Am Hauptbahnhof 12, 53111 Bonn)<\/a><\/p>\n<p><em><strong><a href=\"https:\/\/www.motel-one.com\/de\/hotels\/bonn\/hotel-bonn-beethoven\/\" target=\"_blank\" rel=\"noopener\">Motel-One Bertha-von-Suttner-Platz<\/a><\/strong><\/em> (<a tabindex=\"0\" href=\"https:\/\/www.google.com\/maps\/place\/\/data=!4m2!3m1!1s0x47bee1f6542863cd:0xddfe4284ed5a52c1?sa=X&amp;ved=1t:8290&amp;ictx=111\" target=\"_blank\" rel=\"noopener\" data-url=\"\/maps\/place\/\/data=!4m2!3m1!1s0x47bee1f6542863cd:0xddfe4284ed5a52c1?sa=X&amp;ved=2ahUKEwiB-9-x-ZGGAxVLVfEDHWQ4DcMQ4kB6BAgXEAA\">Berliner Freiheit 36, 53111 Bonn<\/a>)<\/p>\n<p>Einzelzimmer:<em> ca. 90 \u20ac<\/em><\/p>\n<p>Doppelzimmer:<em> ca. 110 \u20ac<\/em><\/p>\n<p>Telefon: <a href=\"https:\/\/www.google.com\/search?q=motel+one+bonn+hauptbahnhof&amp;sca_esv=94fa641d5e31d942&amp;sca_upv=1&amp;sxsrf=ADLYWIKnsJNkGAnGzkB1Ncs9LH50qt5D-g%3A1715848964499&amp;ei=BMdFZt2KHv6ti-gPir2DuAI&amp;udm=&amp;gs_ssp=eJwFwTEOgCAMAMC4mvgCFxZnqFKkPsFfSGwlRoEBE57vXT_oSwPcRQAdoem2yTS7BmYgWdjOMxJspoGQE_SO_GnDibyPb678qJxYhZySisdXajhiill-vR8ZHg&amp;oq=motel+one+bonn+ha&amp;gs_lp=Egxnd3Mtd2l6LXNlcnAiEW1vdGVsIG9uZSBib25uIGhhKgIIADIaEC4YgAQYxwEYmAUYmQUYywEYngUYjgUYrwEyBRAAGIAEMgYQABgWGB4yBhAAGBYYHjIGEAAYFhgeMgYQABgWGB4yBhAAGBYYHjIGEAAYFhgeMgYQABgWGB4yBhAAGBYYHjIpEC4YgAQYxwEYmAUYmQUYywEYngUYjgUYrwEYlwUY3AQY3gQY4ATYAQJI5hxQtwtYrxJwAngBkAEAmAGlAaAB0wOqAQMyLjK4AQHIAQD4AQGYAgegAt4NwgIKEAAYsAMY1gQYR8ICDRAAGIAEGLADGEMYigXCAiIQLhiABBiwAxhDGMcBGJgFGMgDGJkFGIoFGI4FGK8B2AEBwgIlEC4YgAQYsAMYQxjHARiYBRjIAxiZBRiKBRieBRiOBRivAdgBAcICHBAuGIAEGLADGEMYxwEYyAMYigUYjgUYrwHYAQHCAhkQLhiABBiwAxjRAxhDGMcBGMgDGIoF2AEBwgITEC4YgAQYsAMYQxjIAxiKBdgBAcICCBAAGIAEGMsBwgIFECEYoAGYAwCIBgGQBhS6BgYIARABGAi6BgYIAhABGBSSBwcyLjQuNy0xoAfRIw&amp;sclient=gws-wiz-serp#\" data-dtype=\"d3ph\" data-local-attribute=\"d3ph\" data-ved=\"2ahUKEwjdlpDD45GGAxWG8gIHHd4BAX0QkAgoAHoECFsQAg\"><span aria-label=\"\u041f\u043e\u0437\u0432\u043e\u043d\u0438\u0442\u044c \u043f\u043e \u043d\u043e\u043c\u0435\u0440\u0443 0228 7638240\">0228 7638240<\/span><\/a><\/p>\n<p>&nbsp;<\/p>\n<p><em><strong><a href=\"https:\/\/www.leoninum-bonn.de\/\" target=\"_blank\" rel=\"noopener\">Collegium Leoninum<\/a> <\/strong><\/em>(<a tabindex=\"0\" href=\"https:\/\/www.google.com\/maps\/place\/\/data=!4m2!3m1!1s0x47bee1a2916ac70d:0xb0f9a417fae4d18f?sa=X&amp;ved=1t:8290&amp;ictx=111\" target=\"_blank\" rel=\"noopener\" data-url=\"\/maps\/place\/\/data=!4m2!3m1!1s0x47bee1a2916ac70d:0xb0f9a417fae4d18f?sa=X&amp;ved=2ahUKEwiqipvTqZ6GAxU4QEEAHT-2C8QQ4kB6BAgVEAA\">Noeggerathstra\u00dfe 34, 53111 Bonn<\/a>)<\/p>\n<p>Doppelzimmer:<em> ca. 160 \u20ac<\/em><\/p>\n<p>Telefon: <a href=\"https:\/\/www.google.com\/search?q=collegium+leoninum+bonn&amp;sca_esv=8ee0a4bf7d87b514&amp;sca_upv=1&amp;sxsrf=ADLYWIIVpeSBHvEFtMe6LzgGhv7RO4GbEQ%3A1716280105720&amp;ei=KVtMZpbCK_Pfi-gPsaee0AY&amp;udm=&amp;hotel_occupancy=2&amp;ved=0ahUKEwjW-qTQqZ6GAxXz7wIHHbGTB2oQ4dUDCBA&amp;uact=5&amp;oq=collegium+leoninum+bonn&amp;gs_lp=Egxnd3Mtd2l6LXNlcnAiF2NvbGxlZ2l1bSBsZW9uaW51bSBib25uMhcQLhiABBjHARiYBRiZBRjLARiOBRivATIGEAAYFhgeMgYQABgWGB4yBhAAGBYYHjIGEAAYFhgeMgYQABgWGB4yBhAAGBYYHjIGEAAYFhgeMggQABiABBiiBDImEC4YgAQYxwEYmAUYmQUYywEYjgUYrwEYlwUY3AQY3gQY4ATYAQFIwwhQpQJY0QdwAXgBkAEAmAFpoAHnA6oBAzMuMrgBA8gBAPgBAZgCBqACpwTCAgoQABiwAxjWBBhHwgITEC4YgAQYsAMY0QMYQxjHARiKBcICDRAuGIAEGLADGEMYigXCAgUQABiABJgDAIgGAZAGCroGBggBEAEYFJIHAzIuNKAHvjg&amp;sclient=gws-wiz-serp#\" target=\"_blank\" rel=\"noopener\" data-dtype=\"d3ph\" data-local-attribute=\"d3ph\" data-ved=\"2ahUKEwiqipvTqZ6GAxU4QEEAHT-2C8QQkAgoAHoECE8QAg\"><span aria-label=\"\u041f\u043e\u0437\u0432\u043e\u043d\u0438\u0442\u044c \u043f\u043e \u043d\u043e\u043c\u0435\u0440\u0443 0228 62980\">0228 62980<\/span><\/a><\/p>\n<p>&nbsp;<\/p>\n<p><em><strong><a href=\"https:\/\/www.presidenthotel.de\/\" target=\"_blank\" rel=\"noopener\">President Hotel<\/a> <\/strong><\/em>(<a tabindex=\"0\" href=\"https:\/\/www.google.com\/maps\/place\/\/data=!4m2!3m1!1s0x47bee1853bff7d3b:0x6b8fc8234f312733?sa=X&amp;ved=1t:8290&amp;ictx=111\" target=\"_blank\" rel=\"noopener\" data-url=\"\/maps\/place\/\/data=!4m2!3m1!1s0x47bee1853bff7d3b:0x6b8fc8234f312733?sa=X&amp;ved=2ahUKEwivxvX6y4-GAxX2wQIHHeCGA4gQ4kB6BAgVEAA\">Clemens-August-Stra\u00dfe 32 &#8211; 36, 53115 Bonn<\/a>)<\/p>\n<p>Einzelzimmer: <em>ca. 110 \u20ac<\/em><\/p>\n<p>Doppelzimmer: <em>ca. 140 \u20ac<\/em><\/p>\n<p>Telefon: <a href=\"https:\/\/www.google.com\/search?q=president+hotel+bonn&amp;oq=presid&amp;gs_lcrp=EgZjaHJvbWUqDggAEEUYJxg7GIAEGIoFMg4IABBFGCcYOxiABBiKBTIGCAEQRRg5MgcIAhAAGIAEMgcIAxAAGIAEMgcIBBAAGIAEMgcIBRAAGIAEMgYIBhBFGDwyBggHEEUYPKgCALACAA&amp;sourceid=chrome&amp;ie=UTF-8#\" data-dtype=\"d3ph\" data-local-attribute=\"d3ph\" data-ved=\"2ahUKEwivxvX6y4-GAxX2wQIHHeCGA4gQkAgoAHoECE4QAg\"><span aria-label=\"\u041f\u043e\u0437\u0432\u043e\u043d\u0438\u0442\u044c \u043f\u043e \u043d\u043e\u043c\u0435\u0440\u0443 0228 72500\">0228 72500<\/span><\/a><\/p>\n<p>&nbsp;<\/p>\n<p><a href=\"https:\/\/www.ameroncollection.com\/de\/bonn-hotel-koenigshof\" target=\"_blank\" rel=\"noopener\"><strong><em>AMERON Hotel K\u00f6nigshof<\/em><\/strong> <\/a>(<a tabindex=\"0\" href=\"https:\/\/www.google.com\/maps\/place\/\/data=!4m2!3m1!1s0x47bee10b495a21fb:0x5341e6f137ce8d9f?sa=X&amp;ved=1t:8290&amp;ictx=111\" target=\"_blank\" rel=\"noopener\" data-url=\"\/maps\/place\/\/data=!4m2!3m1!1s0x47bee10b495a21fb:0x5341e6f137ce8d9f?sa=X&amp;ved=2ahUKEwjlmKTKmo-GAxUKVUEAHUXjB9AQ4kB6BAgWEAA\">Adenauerallee 9, 53113 Bonn<\/a>)<\/p>\n<p>SMART Standart Einzelzimmer:<em> ca. 110 \u20ac<\/em><\/p>\n<p>Doppelzimmer: <em>ca. 140 \u20ac <\/em><\/p>\n<p>SMART Comfort Einzelzimmer:\u00a0 <em>ca. 125 \u20ac<\/em><\/p>\n<p>Doppelzimmer: <em>ca. 155\u00a0\u20ac<\/em><\/p>\n<p>Telefon: <a href=\"https:\/\/www.google.com\/search?q=hotel+k%C3%B6nigshof+bonn&amp;sca_esv=896ca77a4b5de4aa&amp;sca_upv=1&amp;sxsrf=ADLYWIJXz-lK6zROmBUMcqxCe_E-sDJR5w%3A1715760663621&amp;ei=F25EZre3Jd-I9u8PkYa3qAs&amp;udm=&amp;ved=0ahUKEwj3nv_Gmo-GAxVfhP0HHRHDDbUQ4dUDCBA&amp;uact=5&amp;oq=hotel+k%C3%B6nigshof+bonn&amp;gs_lp=Egxnd3Mtd2l6LXNlcnAiFWhvdGVsIGvDtm5pZ3Nob2YgYm9ubjIaEC4YgAQYxwEYmAUYmQUYywEYngUYjgUYrwEyBhAAGBYYHjIGEAAYFhgeMgYQABgWGB4yBhAAGBYYHjIGEAAYFhgeMgYQABgWGB4yBhAAGBYYHjIGEAAYFhgeMgYQABgWGB4yKRAuGIAEGMcBGJgFGJkFGMsBGJ4FGI4FGK8BGJcFGNwEGN4EGOAE2AECSI0VUJ0CWKATcAN4AZABAJgBigGgAf4FqgEDMC42uAEDyAEA-AEBmAIJoALUBsICChAAGLADGNYEGEfCAg0QABiABBiwAxhDGIoFwgIZEC4YgAQYsAMY0QMYQxjHARjIAxiKBdgBAcICExAuGIAEGLADGEMYyAMYigXYAQHCAh8QLhiABBiwAxhDGMcBGJgFGMgDGJkFGIoFGK8B2AEBwgIiEC4YgAQYsAMYQxjHARiYBRjIAxiZBRiKBRieBRivAdgBAcICIhAuGIAEGLADGEMYxwEYmAUYyAMYmQUYigUYjgUYrwHYAQHCAhcQLhiABBjHARiYBRiZBRjLARiOBRivAcICFBAuGIAEGMcBGJgFGJkFGMsBGK8BwgIIEAAYgAQYywHCAggQABgWGAoYHsICBRAAGIAEmAMAiAYBkAYTugYGCAEQARgIugYGCAIQARgUkgcDMy42oAe9QQ&amp;sclient=gws-wiz-serp#\" data-dtype=\"d3ph\" data-local-attribute=\"d3ph\" data-ved=\"2ahUKEwjlmKTKmo-GAxUKVUEAHUXjB9AQkAgoAHoECGUQAg\"><span aria-label=\"\u041f\u043e\u0437\u0432\u043e\u043d\u0438\u0442\u044c \u043f\u043e \u043d\u043e\u043c\u0435\u0440\u0443 0228 26010\">0228 26010<\/span><\/a><\/p>\n<p>&nbsp;<\/p>\n<p><a href=\"https:\/\/www.astoria-bonn.de\/\" target=\"_blank\" rel=\"noopener\"><strong><em>Hotel Astoria Bonn <\/em><\/strong><\/a>(<a href=\"https:\/\/www.google.de\/maps\/place\/Hausdorffstra%C3%9Fe+105-113,+53129+Bonn\/@50.716748,7.1007743,15.83z\/data=!4m6!3m5!1s0x47bee17cfb87c731:0x32dbbe5643409b62!8m2!3d50.7153958!4d7.1085316!16s%2Fg%2F11bw4nls87?entry=ttu&amp;g_ep=EgoyMDI0MDkwNC4wIKXMDSoASAFQAw%3D%3D\" target=\"_blank\" rel=\"noopener\">Hausdorfstr. 105 &#8211; 113, 53129 Bonn<\/a>)<\/p>\n<p>Einzelzimmer: <em>ca. 65 \u20ac <\/em><\/p>\n<p>Doppelzimmer: <em>ca. 87 \u20ac<\/em><\/p>\n<p>Telefon: <a href=\"tel:00492289696490\">+49 228 9696 49-0<\/a><\/p>\n<p>&nbsp;<\/p>\n<p><a href=\"https:\/\/www.ameroncollection.com\/de\/mysuedstadt\" target=\"_blank\" rel=\"noopener\"><strong><em>Hotel MyS\u00fcdstadt<\/em> <\/strong><\/a>(<a tabindex=\"0\" href=\"https:\/\/www.google.com\/maps\/place\/\/data=!4m2!3m1!1s0x47bee17acf052e77:0xacaca3e42740a382?sa=X&amp;ved=1t:8290&amp;ictx=111\" target=\"_blank\" rel=\"noopener\" data-url=\"\/maps\/place\/\/data=!4m2!3m1!1s0x47bee17acf052e77:0xacaca3e42740a382?sa=X&amp;ved=2ahUKEwiq-vrRoY-GAxXu9gIHHYm-BpEQ4kB6BAgXEAA\">Kaiserstra\u00dfe 221, 53113 Bonn<\/a>)<\/p>\n<p>Einzelzimmer:<em> ca. 70 \u20ac<\/em><\/p>\n<p>Doppelzimmer: <em>ca. 90\u00a0\u20ac<\/em><\/p>\n<p>Telefon: <a href=\"https:\/\/www.google.com\/search?q=hotel+my+s%C3%BCdstadt+bonn&amp;oq=hotel+my+s%C3%BCd&amp;gs_lcrp=EgZjaHJvbWUqBwgBEAAYgAQyBggAEEUYOTIHCAEQABiABDIICAIQABgWGB4yCAgDEAAYFhge0gEIMzI3NGowajeoAgCwAgA&amp;sourceid=chrome&amp;ie=UTF-8#\" data-dtype=\"d3ph\" data-local-attribute=\"d3ph\" data-ved=\"2ahUKEwiq-vrRoY-GAxXu9gIHHYm-BpEQkAgoAHoECEYQAg\"><span aria-label=\"\u041f\u043e\u0437\u0432\u043e\u043d\u0438\u0442\u044c \u043f\u043e \u043d\u043e\u043c\u0435\u0440\u0443 0228 85450\">0228 85450<\/span><\/a><\/p>\n<p>&nbsp;<\/p>\n<h2><a href=\"https:\/\/www.institut-systeme.de\/html\/\/service\/was-ist-los-in-bonn\/\">Was ist los in Bonn<\/a><strong> Bonn ABC \u2013 ein Bonner G\u00e4stef\u00fchrer f\u00fcr unsere Praktikanten und Seminarteilnehmer von Anne Lang<\/strong><\/h2>\n<p><strong><a href=\"http:\/\/www.aegyptisches-museum.uni-bonn.de\/\" target=\"_blank\" rel=\"noopener\">\u00c4gyptisches Museum<\/a>:<\/strong> (<a tabindex=\"0\" href=\"https:\/\/www.google.com\/maps\/place\/\/data=!4m2!3m1!1s0x47bee18f6c13ccf5:0xfcc46101d24c815b?sa=X&amp;ved=1t:8290&amp;ictx=111\" target=\"_blank\" rel=\"noopener\" data-url=\"\/maps\/place\/\/data=!4m2!3m1!1s0x47bee18f6c13ccf5:0xfcc46101d24c815b?sa=X&amp;ved=2ahUKEwjvuIrHjf6FAxWYgv0HHdXqCfcQ4kB6BAhNEAA\">Regina-Pacis-Weg 7, 53113 Bonn<\/a>)<\/p>\n<p><strong>Akademisches Kunstmuseum:<\/strong> (<a tabindex=\"0\" href=\"https:\/\/www.google.com\/maps\/place\/\/data=!4m2!3m1!1s0x47bee174efbfce4f:0xffbd451259c30aff?sa=X&amp;ved=1t:8290&amp;ictx=111\" target=\"_blank\" rel=\"noopener\" data-url=\"\/maps\/place\/\/data=!4m2!3m1!1s0x47bee174efbfce4f:0xffbd451259c30aff?sa=X&amp;ved=2ahUKEwiirrG5jf6FAxWi_rsIHf4lCloQ4kB6BAgPEAA\">Museum, R\u00f6merstra\u00dfe 164, 53117 Bonn<\/a>)<\/p>\n<p><strong>Alter Zoll:\u00a0<\/strong>alte Zollstation am Rhein (Brassertufer, 53113 Bonn) Bietet einen sch\u00f6nen Ausblick \u00fcber den Rhein auf die Beuler Seite, am Rheinufer.<\/p>\n<p><strong>Altstadt: <\/strong>Ein Gro\u00dfteil ist Fu\u00dfg\u00e4ngerzone. Es gibt viel Interessantes, viel Multikulti und viel Gastronomie.<\/p>\n<p><strong><a href=\"http:\/\/www.beethovenhalle.de\/\" target=\"_blank\" rel=\"noopener\">Beethovenhalle<\/a>:<\/strong> (Wachsbleiche 16, 53111 Bonn)<\/p>\n<p><strong>Beethovenhaus: <\/strong>Ein \u201eMust\u201c f\u00fcr Bonn Besucher! (<a tabindex=\"0\" href=\"https:\/\/www.google.com\/maps\/place\/\/data=!4m2!3m1!1s0x47bee10b0000ec0f:0xf0e0317f82ae4690?sa=X&amp;ved=1t:8290&amp;ictx=111\" target=\"_blank\" rel=\"noopener\" data-url=\"\/maps\/place\/\/data=!4m2!3m1!1s0x47bee10b0000ec0f:0xf0e0317f82ae4690?sa=X&amp;ved=2ahUKEwid2PTelP6FAxWThf0HHR1qDUIQ4kB6BAgvEAA\">Bonngasse 22-24, 53111 Bonn)<\/a><\/p>\n<p><strong><a href=\"http:\/\/www.bonner-kunstverein.de\/\" target=\"_blank\" rel=\"noopener\">Bonner Kunstverein<\/a>:<\/strong> (<a tabindex=\"0\" href=\"https:\/\/www.google.com\/maps\/place\/\/data=!4m2!3m1!1s0x47bee1bdac48fe37:0xaf835320a95e77d6?sa=X&amp;ved=1t:8290&amp;ictx=111\" target=\"_blank\" rel=\"noopener\" data-url=\"\/maps\/place\/\/data=!4m2!3m1!1s0x47bee1bdac48fe37:0xaf835320a95e77d6?sa=X&amp;ved=2ahUKEwi6m-fqlv6FAxWv_AIHHUCfB0QQ4kB6BAgpEAA\">Hochstadenring 22, 53119 Bonn<\/a>)<\/p>\n<p><strong><a href=\"http:\/\/www.botgart.uni-bonn.de\/\" target=\"_blank\" rel=\"noopener\">Botanischer Garten<\/a>:<\/strong> (<a tabindex=\"0\" href=\"https:\/\/www.google.com\/maps\/place\/\/data=!4m2!3m1!1s0x47bee19b289e0915:0xa2a213a833cba5e2?sa=X&amp;ved=1t:8290&amp;ictx=111\" target=\"_blank\" rel=\"noopener\" data-url=\"\/maps\/place\/\/data=!4m2!3m1!1s0x47bee19b289e0915:0xa2a213a833cba5e2?sa=X&amp;ved=2ahUKEwiexvq1lf6FAxVynP0HHfM6BZIQ4kB6BAgQEAA\">Meckenheimer Allee 169, 53115 Bonn<\/a>)<\/p>\n<p><strong><a href=\"http:\/\/www.bundeskunsthalle.de\/index.html\" target=\"_blank\" rel=\"noopener\">Bundeskunsthalle<\/a>:<\/strong> (<a tabindex=\"0\" href=\"https:\/\/www.google.com\/maps\/place\/\/data=!4m2!3m1!1s0x47bee160560be5df:0x4316496b5aacd07f?sa=X&amp;ved=1t:8290&amp;ictx=111\" target=\"_blank\" rel=\"noopener\" data-url=\"\/maps\/place\/\/data=!4m2!3m1!1s0x47bee160560be5df:0x4316496b5aacd07f?sa=X&amp;ved=2ahUKEwikpvKdlf6FAxU__7sIHWCMCN0Q4kB6BAgPEAA\">Helmut-Kohl-Allee 4, 53113 Bonn<\/a>)<\/p>\n<p><strong>Deutsche Welle:<\/strong> (<a tabindex=\"0\" href=\"https:\/\/www.google.com\/maps\/place\/\/data=!4m2!3m1!1s0x47bee15dd499d8c5:0x3286ff8a118e07c8?sa=X&amp;ved=1t:8290&amp;ictx=111\" target=\"_blank\" rel=\"noopener\" data-url=\"\/maps\/place\/\/data=!4m2!3m1!1s0x47bee15dd499d8c5:0x3286ff8a118e07c8?sa=X&amp;ved=2ahUKEwjHwJXalf6FAxX6_rsIHTSJBQsQ4kB6BAgQEAA\">Kurt-Schumacher-Stra\u00dfe 3, 53113 Bonn<\/a>)<\/p>\n<p><strong><a href=\"http:\/\/www.flohmarkt-rheinaue.de\/\" target=\"_blank\" rel=\"noopener\">Flohmarkt<\/a>: <\/strong>(Rheinaue Freizeitpark Gro\u00dfe Blumenwiese, <a tabindex=\"0\" href=\"https:\/\/www.google.com\/maps\/place\/\/data=!4m2!3m1!1s0x47bee155bc7d6f0b:0x83f69ae92d3e802c?sa=X&amp;ved=1t:8290&amp;ictx=111\" target=\"_blank\" rel=\"noopener\" data-url=\"\/maps\/place\/\/data=!4m2!3m1!1s0x47bee155bc7d6f0b:0x83f69ae92d3e802c?sa=X&amp;ved=2ahUKEwiNhviZlv6FAxXogf0HHTcWDMIQ4kB6BAgPEAA\">Ludwig-Erhard-Allee 20, 53175 Bonn<\/a>). Immer erste Samstag im Monat in den Sommermonaten.<\/p>\n<p><strong><a href=\"http:\/\/www.frauenmuseum.de\/\" target=\"_blank\" rel=\"noopener\">Frauenmuseum<\/a>:<\/strong> (<a tabindex=\"0\" href=\"https:\/\/www.google.com\/maps\/place\/\/data=!4m2!3m1!1s0x47bee1a4b0794d59:0xa60f2a1089bbfff4?sa=X&amp;ved=1t:8290&amp;ictx=111\" target=\"_blank\" rel=\"noopener\" data-url=\"\/maps\/place\/\/data=!4m2!3m1!1s0x47bee1a4b0794d59:0xa60f2a1089bbfff4?sa=X&amp;ved=2ahUKEwim6Pnnlf6FAxV5gP0HHQM9DzoQ4kB6BAgwEAA\">Im Krausfeld 10, 53111 Bonn<\/a>)<\/p>\n<p><strong>Hofgartenwiese: (Am Hofgarten) <\/strong>Im Sommer ist sie eine Liegewiese.<\/p>\n<p><strong>Kameha Grand:<\/strong> Leading Hotel of the World. (<a tabindex=\"0\" href=\"https:\/\/www.google.com\/maps\/place\/\/data=!4m2!3m1!1s0x47bee6ad1f23ddcd:0xdd1efa17a25be9a4?sa=X&amp;ved=1t:8290&amp;ictx=111\" target=\"_blank\" rel=\"noopener\" data-url=\"\/maps\/place\/\/data=!4m2!3m1!1s0x47bee6ad1f23ddcd:0xdd1efa17a25be9a4?sa=X&amp;ved=2ahUKEwiJiJ_Qlv6FAxUxWEEAHTgkAxgQ4kB6BAhHEAA\">Am Bonner Bogen 1, 53227 Bonn<\/a>)<\/p>\n<p><strong>Landesmuseum:<\/strong> (<a tabindex=\"0\" href=\"https:\/\/www.google.com\/maps\/place\/\/data=!4m2!3m1!1s0x47bee198f513fccd:0xffff5d8c657c7428?sa=X&amp;ved=1t:8290&amp;ictx=111\" target=\"_blank\" rel=\"noopener\" data-url=\"\/maps\/place\/\/data=!4m2!3m1!1s0x47bee198f513fccd:0xffff5d8c657c7428?sa=X&amp;ved=2ahUKEwig6Of5lv6FAxWa8QIHHV8nC1cQ4kB6BAg0EAA\">Colmantstra\u00dfe 14-16, 53115 Bonn<\/a>)<\/p>\n<p><strong>Museumsmeile:<\/strong><br \/>\nDie Museumsmeile ist ein Ensemble von vier Museen in einer Strasse, der Adenauer Allee, an der auch die Villa Hammerschmidt liegt.<br \/>\n<strong>\u2013 <a href=\"https:\/\/www.zfmk.de\/de\" target=\"_blank\" rel=\"noopener\">Zoologisches Museum K\u00f6nig<\/a> (<a tabindex=\"0\" href=\"https:\/\/www.google.com\/maps\/place\/\/data=!4m2!3m1!1s0x47bee165418631dd:0xc00123ecfe771e55?sa=X&amp;ved=1t:8290&amp;ictx=111\" target=\"_blank\" rel=\"noopener\" data-url=\"\/maps\/place\/\/data=!4m2!3m1!1s0x47bee165418631dd:0xc00123ecfe771e55?sa=X&amp;ved=2ahUKEwjNtaXFl_6FAxXy0QIHHSSwBDIQ4kB6BAgPEAA\">Adenauerallee 160, 53113 Bonn<\/a>)<\/strong><\/p>\n<p><strong>\u2013 <a href=\"http:\/\/www.hdg.de\/bonn\/\" target=\"_blank\" rel=\"noopener\">Haus der Geschichte (<\/a><\/strong><a tabindex=\"0\" href=\"https:\/\/www.google.com\/maps\/place\/\/data=!4m2!3m1!1s0x47bee166a8bd0fc3:0x816aa88922e0ec91?sa=X&amp;ved=1t:8290&amp;ictx=111\" target=\"_blank\" rel=\"noopener\" data-url=\"\/maps\/place\/\/data=!4m2!3m1!1s0x47bee166a8bd0fc3:0x816aa88922e0ec91?sa=X&amp;ved=2ahUKEwiYouLQl_6FAxUR0wIHHQsqCaMQ4kB6BAg6EAA\">Brandt-Allee 14, 53113 Bonn)<\/a><strong>\u2013 <a href=\"http:\/\/www.kunstmuseum-bonn.de\/\" target=\"_blank\" rel=\"noopener\">Kunstmuseum<\/a> <\/strong><a tabindex=\"0\" href=\"https:\/\/www.google.com\/maps\/place\/\/data=!4m2!3m1!1s0x47bee160e0083ded:0xe1ae8320a1f8d280?sa=X&amp;ved=1t:8290&amp;ictx=111\" target=\"_blank\" rel=\"noopener\" data-url=\"\/maps\/place\/\/data=!4m2!3m1!1s0x47bee160e0083ded:0xe1ae8320a1f8d280?sa=X&amp;ved=2ahUKEwiErYzZl_6FAxUswAIHHd9fBr0Q4kB6BAgQEAA\">(Helmut-Kohl-Allee 2, 53113 Bonn)<\/a><\/p>\n<p><strong>\u2013 <a href=\"http:\/\/www.bundeskunsthalle.de\/index.html\" target=\"_blank\" rel=\"noopener\">Bundeskunsthalle<\/a> (<a tabindex=\"0\" href=\"https:\/\/www.google.com\/maps\/place\/\/data=!4m2!3m1!1s0x47bee160560be5df:0x4316496b5aacd07f?sa=X&amp;ved=1t:8290&amp;ictx=111\" target=\"_blank\" rel=\"noopener\" data-url=\"\/maps\/place\/\/data=!4m2!3m1!1s0x47bee160560be5df:0x4316496b5aacd07f?sa=X&amp;ved=2ahUKEwiWoujjl_6FAxVE2gIHHcICBvUQ4kB6BAg7EAA\">Helmut-Kohl-Allee 4, 53113 Bonn<\/a>)<\/strong><\/p>\n<p><strong><a href=\"http:\/\/www.theater-bonn.de\/\" target=\"_blank\" rel=\"noopener\">Oper<\/a>: <\/strong>am Rhein direkt an der Kennedybr\u00fccke (<a tabindex=\"0\" href=\"https:\/\/www.google.com\/maps\/place\/\/data=!4m2!3m1!1s0x47bee10a51d4b12f:0xbbed5ecf681d2fcd?sa=X&amp;ved=1t:8290&amp;ictx=111\" target=\"_blank\" rel=\"noopener\" data-url=\"\/maps\/place\/\/data=!4m2!3m1!1s0x47bee10a51d4b12f:0xbbed5ecf681d2fcd?sa=X&amp;ved=2ahUKEwi827nzl_6FAxVo3AIHHX_uAJQQ4kB6BAg7EAA\">Am Boeselagerhof 1, 53111 Bonn<\/a>)<\/p>\n<p><strong>Posttower:<\/strong>\u00a0(<a tabindex=\"0\" href=\"https:\/\/www.google.com\/maps\/place\/\/data=!4m2!3m1!1s0x47bee15ebaef9657:0x38990d82a0fb5cf?sa=X&amp;ved=1t:8290&amp;ictx=111\" target=\"_blank\" rel=\"noopener\" data-url=\"\/maps\/place\/\/data=!4m2!3m1!1s0x47bee15ebaef9657:0x38990d82a0fb5cf?sa=X&amp;ved=2ahUKEwiNv7T_l_6FAxUf1gIHHWGyCtIQ4kB6BAgQEAA\">Charles-de-Gaulle-Stra\u00dfe 20, 53113 Bonn<\/a>)<\/p>\n<p><strong>Rathaus:<\/strong> (<a tabindex=\"0\" href=\"https:\/\/www.google.com\/maps\/place\/\/data=!4m2!3m1!1s0x47bee12e7f9a6bd7:0x35853ede4767df6b?sa=X&amp;ved=1t:8290&amp;ictx=111\" target=\"_blank\" rel=\"noopener\" data-url=\"\/maps\/place\/\/data=!4m2!3m1!1s0x47bee12e7f9a6bd7:0x35853ede4767df6b?sa=X&amp;ved=2ahUKEwiTlNy0mP6FAxVt6wIHHfgrAYUQ4kB6BAhFEAA\">Markt 2, 53111 Bonn<\/a>). Das alte Rathaus am Marktplatz ist bekannt aus den alten Zeiten, als die politischen Staatsg\u00e4ste der BRD hier auf der Treppe standen.<\/p>\n<p><strong>Rolandsbogen:<\/strong> (Rolandsbogen, 53424 Remagen-Rolandswerth)<\/p>\n<p><strong>Reisen:<\/strong><br \/>\nBonn erleben auf besondere Art: Stadtf\u00fchrungen, Theaterf\u00fchrungen, Radtouren, Umlandtouren, Exkursionen und mehr: www.stattreisen-bonn.de<\/p>\n<p><strong><a href=\"http:\/\/www.telekom-baskets-bonn.de\/\" target=\"_blank\" rel=\"noopener\">Telekom Dome<\/a>: <\/strong>(<a tabindex=\"0\" href=\"https:\/\/www.google.com\/maps\/place\/\/data=!4m2!3m1!1s0x47bee21a79dd06a3:0x7a444740f03da7cb?sa=X&amp;ved=1t:8290&amp;ictx=111\" target=\"_blank\" rel=\"noopener\" data-url=\"\/maps\/place\/\/data=!4m2!3m1!1s0x47bee21a79dd06a3:0x7a444740f03da7cb?sa=X&amp;ved=2ahUKEwj256-umf6FAxW09AIHHX3FAQAQ4kB6BAgPEAA\">Basketsring 1, 53123 Bonn<\/a>)<br \/>\nDer Spielort der Telekombaskets.<\/p>\n<p><strong>Uni Hauptgeb\u00e4ude<\/strong> (<a tabindex=\"0\" href=\"https:\/\/www.google.com\/maps\/place\/\/data=!4m2!3m1!1s0x47bee10ab09c6037:0xf0f17368cf3c0f09?sa=X&amp;ved=1t:8290&amp;ictx=111\" target=\"_blank\" rel=\"noopener\" data-url=\"\/maps\/place\/\/data=!4m2!3m1!1s0x47bee10ab09c6037:0xf0f17368cf3c0f09?sa=X&amp;ved=2ahUKEwjxqfjTi_6FAxWA1QIHHZRnAZ4Q4kB6BAg6EAA\">Regina-Pacis-Weg 3, 53113 Bonn<\/a>)<\/p>\n<p><strong>Viktoria Schwimmbad: <\/strong>(<a tabindex=\"0\" href=\"https:\/\/www.google.com\/maps\/place\/\/data=!4m2!3m1!1s0x47bee1c062729dcf:0xa41cbf41ebc0a93f?sa=X&amp;ved=1t:8290&amp;ictx=111\" target=\"_blank\" rel=\"noopener\" data-url=\"\/maps\/place\/\/data=!4m2!3m1!1s0x47bee1c062729dcf:0xa41cbf41ebc0a93f?sa=X&amp;ved=2ahUKEwiIw63wi_6FAxXV8QIHHaVBDxgQ4kB6BAgrEAA\">Franziskanerstra\u00dfe 9, 53113 Bonn<\/a>)<\/p>\n<p>&nbsp;<\/p>\n<p>Fehlt Ihnen etwas? Bitte sprechen Sie uns an!<\/p>\n<p>&nbsp;<\/p>\n","protected":false},"excerpt":{"rendered":"<p><a class=\"ninja_pages_read_more\"  href=\"https:\/\/www.institut-systeme.de\/html\/service\/\"><\/a><\/p>\n","protected":false},"author":1,"featured_media":0,"parent":0,"menu_order":0,"comment_status":"closed","ping_status":"closed","template":"","meta":{"footnotes":""},"class_list":["post-286","page","type-page","status-publish","hentry"],"aioseo_notices":[],"_links":{"self":[{"href":"https:\/\/www.institut-systeme.de\/html\/wp-json\/wp\/v2\/pages\/286","targetHints":{"allow":["GET"]}}],"collection":[{"href":"https:\/\/www.institut-systeme.de\/html\/wp-json\/wp\/v2\/pages"}],"about":[{"href":"https:\/\/www.institut-systeme.de\/html\/wp-json\/wp\/v2\/types\/page"}],"author":[{"embeddable":true,"href":"https:\/\/www.institut-systeme.de\/html\/wp-json\/wp\/v2\/users\/1"}],"replies":[{"embeddable":true,"href":"https:\/\/www.institut-systeme.de\/html\/wp-json\/wp\/v2\/comments?post=286"}],"version-history":[{"count":48,"href":"https:\/\/www.institut-systeme.de\/html\/wp-json\/wp\/v2\/pages\/286\/revisions"}],"predecessor-version":[{"id":3733,"href":"https:\/\/www.institut-systeme.de\/html\/wp-json\/wp\/v2\/pages\/286\/revisions\/3733"}],"wp:attachment":[{"href":"https:\/\/www.institut-systeme.de\/html\/wp-json\/wp\/v2\/media?parent=286"}],"curies":[{"name":"wp","href":"https:\/\/api.w.org\/{rel}","templated":true}]}}