{"id":2298,"date":"2021-02-18T17:00:16","date_gmt":"2021-02-18T16:00:16","guid":{"rendered":"https:\/\/www.institut-systeme.de\/html\/?page_id=2298"},"modified":"2024-06-26T15:42:13","modified_gmt":"2024-06-26T13:42:13","slug":"systemische-supervision-fuer-pias","status":"publish","type":"page","link":"https:\/\/www.institut-systeme.de\/html\/weiterbildung-meg-dgfs\/systemische-supervision-fuer-pias\/","title":{"rendered":"Systemische Supervision u.a. f\u00fcr PiAs"},"content":{"rendered":"<p>Als von der\u00a0 <a href=\"https:\/\/www.ptk-nrw.de\/\"><strong>Psychotherapeutenkammer<\/strong><strong> NRW <\/strong><\/a><strong>zertifizierte<\/strong> Selbsterfahrungsleiter und Supervisionserm\u00e4chtigte f\u00fcr VT, TP und ST f\u00fchren wir in den Bonner\u00a0AML Instituten Systemische Selbsterfahrung im <strong>Einzelsetting<\/strong> und <strong>Gruppensetting<\/strong> durch.<\/p>\n<p>Wir arbeiten dabei mit den regionalen Approbationsinstituten (Rhein-Eifel, KBAV, KBAP, ifs, APP usw.)\u00a0zusammen.<\/p>\n<p>Die <strong>Systemische Supervision<\/strong> findet statt unter der Leitung von:<\/p>\n<ul>\n<li>Psych. PP Anne M. Lang<\/li>\n<li>Psych. PP Anke Uhlemann<\/li>\n<\/ul>\n<p>Sie arbeiten seit 40 Jahren als Systemische Therapeutinnen und Ausbilderinnen.<\/p>\n<p>Seit 1980 haben sie die Entwicklung (Ursprung und Historie) der Systemischen Therapie in Deutschland als Zeitzeuginnen von Anfang an miterleben.<\/p>\n<p><strong>Das Institut<\/strong> ist <strong>ein zertifiziertes Mitgliedsinstitut der <a href=\"https:\/\/www.dgsf.org\/zertifizierung\/akkreditierung\">Deutschen Gesellschaft f\u00fcr Systemische Therapie, Beratung und Familientherapie<\/a> (DGSF<\/strong><strong>).<\/strong><\/p>\n<p>Anne M. Lang ist seit <strong>1995<\/strong> Systemische Ausbilderin f\u00fcr verschiedene DGSF zertifizierte Weiterbildungen in Therapie, Coaching und Supervision.<\/p>\n<p>Supervision in den Bonner AML Instituten spiegelt den ganzen Systemischen Hintergrund wieder. Deswegen erleben Sie hier u.a. auch die ganze historische Bandbreite bis hin zu einer konstruktivistisch ausgerichteten Systemischen Supervision:<\/p>\n<ul>\n<li><strong>Gruppenangebote<\/strong> der Supervision ab 16:00 Uhr <strong>(F\u00fcr PiAs 4<\/strong><strong> UE \u2013 120,- \u20ac<\/strong><strong>)<\/strong> buchen Sie bitte online \u00fcber unseren Kalender oder per E-Mail an <a href=\"&#x6d;&#97;i&#x6c;&#116;o&#x3a;&#105;n&#x66;&#111;&#64;&#x69;&#110;s&#x74;&#x69;t&#x75;&#x74;&#45;&#x73;&#x79;&#115;&#x74;&#x65;&#109;e&#x2e;&#100;e\">i&#110;&#102;&#x6f;&#x40;&#x69;&#x6e;s&#116;&#105;&#116;&#x75;&#x74;&#x2d;sy&#115;&#116;&#x65;&#x6d;&#x65;&#46;d&#101;<\/a><\/li>\n<li><strong>Einzeltermine<\/strong> f\u00fcr die Supervision <strong>(Kulanzpreis f\u00fcr PiAs 1 UE \u2013 160\u20ac)<\/strong>\u00a0vereinbaren Sie bitte telefonisch mit dem Sekretariat.<\/li>\n<\/ul>\n<h3><\/h3>\n<p>&nbsp;<\/p>\n","protected":false},"excerpt":{"rendered":"<p><a class=\"ninja_pages_read_more\"  href=\"https:\/\/www.institut-systeme.de\/html\/weiterbildung-meg-dgfs\/systemische-supervision-fuer-pias\/\"><\/a><\/p>\n","protected":false},"author":2,"featured_media":0,"parent":9,"menu_order":0,"comment_status":"closed","ping_status":"closed","template":"","meta":{"footnotes":""},"class_list":["post-2298","page","type-page","status-publish","hentry"],"aioseo_notices":[],"_links":{"self":[{"href":"https:\/\/www.institut-systeme.de\/html\/wp-json\/wp\/v2\/pages\/2298","targetHints":{"allow":["GET"]}}],"collection":[{"href":"https:\/\/www.institut-systeme.de\/html\/wp-json\/wp\/v2\/pages"}],"about":[{"href":"https:\/\/www.institut-systeme.de\/html\/wp-json\/wp\/v2\/types\/page"}],"author":[{"embeddable":true,"href":"https:\/\/www.institut-systeme.de\/html\/wp-json\/wp\/v2\/users\/2"}],"replies":[{"embeddable":true,"href":"https:\/\/www.institut-systeme.de\/html\/wp-json\/wp\/v2\/comments?post=2298"}],"version-history":[{"count":7,"href":"https:\/\/www.institut-systeme.de\/html\/wp-json\/wp\/v2\/pages\/2298\/revisions"}],"predecessor-version":[{"id":3630,"href":"https:\/\/www.institut-systeme.de\/html\/wp-json\/wp\/v2\/pages\/2298\/revisions\/3630"}],"up":[{"embeddable":true,"href":"https:\/\/www.institut-systeme.de\/html\/wp-json\/wp\/v2\/pages\/9"}],"wp:attachment":[{"href":"https:\/\/www.institut-systeme.de\/html\/wp-json\/wp\/v2\/media?parent=2298"}],"curies":[{"name":"wp","href":"https:\/\/api.w.org\/{rel}","templated":true}]}}