{"id":223,"date":"2017-07-27T12:11:08","date_gmt":"2017-07-27T10:11:08","guid":{"rendered":"https:\/\/www.institut-systeme.de\/html?page_id=223"},"modified":"2024-06-12T13:24:47","modified_gmt":"2024-06-12T11:24:47","slug":"impressum","status":"publish","type":"page","link":"https:\/\/www.institut-systeme.de\/html\/impressum\/","title":{"rendered":"Impressum"},"content":{"rendered":"<h2>Angaben<\/h2>\n<p>Anne M. Lang<br \/>\nAML Institut Systeme<br \/>\nMilton Erickson Institut Bonn M.E.G.<br \/>\nReuterstr. 20<br \/>\n53113 Bonn<\/p>\n<h2>Kontakt<\/h2>\n<p>Telefon: +49 (0) 228 \/ 9 493 120<br \/>\nTelefax: +49 (0) 228 \/ 9 493 127<br \/>\nE-Mail: &#x69;&#x6e;&#102;&#111;&#64;&#x69;&#x6e;&#x73;&#116;it&#x75;&#x74;&#45;&#115;y&#x73;&#x74;&#x65;&#109;e&#46;&#x64;&#x65;<\/p>\n<h2>Umsatzsteuer-ID<\/h2>\n<p>Umsatzsteuer-Identifikationsnummer gem\u00e4\u00df \u00a7 27 a Umsatzsteuergesetz:<br \/>\nDE279989109<\/p>\n<h2>Aufsichtsbeh\u00f6rde<\/h2>\n<p>Psychotherapeutenkammer NRW<br \/>\nK\u00f6rperschaft des \u00f6ffentlichen Rechts f\u00fcr Psychologische PsychotherapeutInnen und Kinder- und JugendlichenpsychotherapeutInnen<br \/>\nWillst\u00e4tterstra\u00dfe 10<br \/>\n40549 D\u00fcsseldorf<\/p>\n<p><a href=\"http:\/\/www.ptk-nrw.de\" target=\"_blank\" rel=\"noopener noreferrer\">http:\/\/www.ptk-nrw.de<\/a><\/p>\n<h2>Berufsbezeichnung und berufsrechtliche Regelungen<\/h2>\n<p>Berufsbezeichnung:<br \/>\nDiplom-Psychologin, Psychologische Psychotherapeutin, verliehen in der Bundesrepublik Deutschland<\/p>\n<p>Approbation durch die Bezirksregierung K\u00f6ln<\/p>\n<p><strong>Eintrag in das Arztregisterverzeichnis:<\/strong><\/p>\n<p>Bei der Kassen\u00e4rztlichen Vereinigung Nordrhein unter der Nummer 844871768.<br \/>\nhttp:\/\/www.kvno.de<\/p>\n<p><strong>Zust\u00e4ndige Kammer:<\/strong><br \/>\nPsychotherapeutenkammer NRW<br \/>\nK\u00f6rperschaft des \u00f6ffentlichen Rechts f\u00fcr Psychologische<br \/>\nPsychotherapeutInnen und Kinder- und<br \/>\nJugendlichenpsychotherapeutInnen<br \/>\nWillst\u00e4tterstra\u00dfe 10<br \/>\n40549 D\u00fcsseldorf<\/p>\n<p>Verliehen in:<br \/>\nBundesrepublik Deutschland<\/p>\n<p>Es gelten folgende berufsrechtliche Regelungen:<\/p>\n<p>Psychotherapeutengesetz vom 15. November 2019 (BGBl. I S. 1604), ge\u00e4ndert durch Artikel 17 des Gesetzes vom 19. Mai 2020 (BGBl. I S. 1018)<br \/>\neinsehbar unter: <a href=\"https:\/\/www.gesetze-im-internet.de\/psychthg_2020\/BJNR160410019.html\" target=\"_blank\" rel=\"noopener noreferrer\">https:\/\/www.gesetze-im-internet.de\/psychthg_2020\/BJNR160410019.html<\/a><\/p>\n<h2>Redaktionell verantwortlich<\/h2>\n<p>Anne M. Lang<br \/>\nAML Institut Systeme<br \/>\nMilton Erickson Institut Bonn M.E.G.<br \/>\nReuterstr. 20<br \/>\n53113 Bonn<\/p>\n<h2>EU-Streitschlichtung<\/h2>\n<p>Die Europ\u00e4ische Kommission stellt eine Plattform zur Online-Streitbeilegung (OS) bereit: <a href=\"https:\/\/ec.europa.eu\/consumers\/odr\/\" target=\"_blank\" rel=\"noopener noreferrer\">https:\/\/ec.europa.eu\/consumers\/odr\/<\/a>.<br \/>\nUnsere E-Mail-Adresse finden Sie oben im Impressum.<\/p>\n<h2>Verbraucher\u00adstreit\u00adbeilegung\/Universal\u00adschlichtungs\u00adstelle<\/h2>\n<p>Wir sind nicht bereit oder verpflichtet, an Streitbeilegungsverfahren vor einer Verbraucherschlichtungsstelle teilzunehmen.<\/p>\n<p><img loading=\"lazy\" decoding=\"async\" class=\"alignnone size-full wp-image-3220\" src=\"https:\/\/www.institut-systeme.de\/html\/wp-content\/uploads\/2023\/06\/erecht24-grau-impressum-klein.png\" alt=\"\" width=\"230\" height=\"80\" \/><\/p>\n","protected":false},"excerpt":{"rendered":"<p><a class=\"ninja_pages_read_more\"  href=\"https:\/\/www.institut-systeme.de\/html\/impressum\/\"><\/a><\/p>\n","protected":false},"author":1,"featured_media":0,"parent":0,"menu_order":11,"comment_status":"closed","ping_status":"closed","template":"","meta":{"footnotes":""},"class_list":["post-223","page","type-page","status-publish","hentry"],"aioseo_notices":[],"_links":{"self":[{"href":"https:\/\/www.institut-systeme.de\/html\/wp-json\/wp\/v2\/pages\/223","targetHints":{"allow":["GET"]}}],"collection":[{"href":"https:\/\/www.institut-systeme.de\/html\/wp-json\/wp\/v2\/pages"}],"about":[{"href":"https:\/\/www.institut-systeme.de\/html\/wp-json\/wp\/v2\/types\/page"}],"author":[{"embeddable":true,"href":"https:\/\/www.institut-systeme.de\/html\/wp-json\/wp\/v2\/users\/1"}],"replies":[{"embeddable":true,"href":"https:\/\/www.institut-systeme.de\/html\/wp-json\/wp\/v2\/comments?post=223"}],"version-history":[{"count":8,"href":"https:\/\/www.institut-systeme.de\/html\/wp-json\/wp\/v2\/pages\/223\/revisions"}],"predecessor-version":[{"id":3616,"href":"https:\/\/www.institut-systeme.de\/html\/wp-json\/wp\/v2\/pages\/223\/revisions\/3616"}],"wp:attachment":[{"href":"https:\/\/www.institut-systeme.de\/html\/wp-json\/wp\/v2\/media?parent=223"}],"curies":[{"name":"wp","href":"https:\/\/api.w.org\/{rel}","templated":true}]}}