{"id":133,"date":"2017-07-25T15:07:11","date_gmt":"2017-07-25T13:07:11","guid":{"rendered":"https:\/\/www.institut-systeme.de\/html?page_id=133"},"modified":"2025-03-04T15:35:33","modified_gmt":"2025-03-04T14:35:33","slug":"anne-m-lang-profil","status":"publish","type":"page","link":"https:\/\/www.institut-systeme.de\/html\/aml-institute\/anne-m-lang-profil\/","title":{"rendered":"Anne M. Lang &#8211; Profil"},"content":{"rendered":"<p><img loading=\"lazy\" decoding=\"async\" class=\"alignnone wp-image-509\" src=\"https:\/\/www.institut-systeme.de\/html\/wp-content\/uploads\/2018\/09\/sitzend-mangerimg_7658_klein-248x300.jpg\" alt=\"\" width=\"145\" height=\"175\" srcset=\"https:\/\/www.institut-systeme.de\/html\/wp-content\/uploads\/2018\/09\/sitzend-mangerimg_7658_klein-248x300.jpg 248w, https:\/\/www.institut-systeme.de\/html\/wp-content\/uploads\/2018\/09\/sitzend-mangerimg_7658_klein.jpg 559w\" sizes=\"auto, (max-width: 145px) 100vw, 145px\" \/><\/p>\n<p><strong>Anne Marie Lang, <\/strong>Dipl. Psych. PP, Senior Coach, Lehrende, Weiterbildnerin, Autorin<\/p>\n<p><strong>Leiterin der AML Institute Bonn<br \/>\nInstitut Systeme &amp; Milton Erickson Institut<\/strong><\/p>\n<p>\u2013 akkreditierte Lehre der Psychotherapeutenkammer NRW, RLP<br \/>\n\u2013 Mitgliedsinstitute wissenschaftlichen Fachgesellschaften DGSF, M.E.G.<\/p>\n<ol>\n<li><strong>Weiterbildungen, akkreditiert durch PT-Kammer, zertifiziert durch MEG u. DGSF<\/strong><\/li>\n<li><strong>Psychotherapie Praxis in den Instituten<\/strong><\/li>\n<li><strong>Coaching- und Supervisionsbereich in den Instituten<\/strong><\/li>\n<\/ol>\n<p><strong>Ver\u00f6ffentlichungen:<\/strong><\/p>\n<p><strong>Buch: \u201eKonstruktivistische Psychotherapie. Prozess-Hypno-Systemisch. Das Bonner Ressourcen Modell\u201c, Elsevier Verlag 2022.<br \/>\n<\/strong>Das Buch basiert auf dem Bonner Ressourcen Modell, das in den AML Instituten entwickelt, gelehrt, und in der psychologischen Arbeit angewandt wird.<strong><br \/>\n<a href=\"https:\/\/www.institut-systeme.de\/html\/fachwissen\/\" target=\"_blank\" rel=\"noopener\">Weitere Artikel und Ver\u00f6ffentlichungen sowie Arbeitsmaterialien aus den AML Instituten<\/a><br \/>\n<\/strong><\/p>\n<h2><strong>1. Weiterbildung an den AML Instituten<\/strong><\/h2>\n<p><strong>Lehre und Weiterbildungserm\u00e4chtigung:<br \/>\n<\/strong><strong>Weiterbildungserm\u00e4chtige der PT-Kammern f\u00fcr Systemische Therapie (2011)<br \/>\n<\/strong><strong>Systemische Zertifikate als DFS, DGSF Lehrende seit 2000<\/strong><\/p>\n<ul>\n<li>f\u00fcr Therapie und Beratung (2012)<\/li>\n<li>f\u00fcr Supervision (2012)<\/li>\n<li>f\u00fcr Coaching (2012)<\/li>\n<\/ul>\n<p><strong>Lehrsupervisorin GwG (2012)<\/strong><\/p>\n<p><strong>Hypnotherapie- Zertifikate als M.E.G. Ausbilderin<br \/>\n<\/strong><\/p>\n<ul>\n<li>f\u00fcr Klinische Hypnose \u2013 Zielgruppe Erwachsenen-PT (2000)<\/li>\n<li>f\u00fcr Kinderhypnotherapie- Zielgruppe Kinder\/Jugendlichen-PT (2014)<\/li>\n<li>f\u00fcr Medizinische Hypnose \u2013 Zielgruppe Fach\u00e4rzt*innen (2007)<\/li>\n<li>f\u00fcr Hypno-systemisches Coaching- Zielgruppe Berater*innen, Coaches (2003)<\/li>\n<\/ul>\n<p><strong>4 Weiterbildungsreihen nach M. Erickson:<\/strong> Die Bonner Konzeptionen haben eine starke ericksonsche, systemische konstruktivistische Pointierung.<\/p>\n<ul>\n<li>seit 1999 Erwachsenen- Hypnotherapie<\/li>\n<li>seit 2003 Hypnosystemische Kommunikation<\/li>\n<li>seit 2007 Medizinische Hypnose<\/li>\n<li>seit 2014 Kinder-Hypnotherapie<\/li>\n<\/ul>\n<p><strong>2 Systemische Weiterbildungen: <\/strong><u>\u00a0<\/u>Die Bonner Konzeptionen sind systemisch konstruktivistisch ausgelegt im Sinne der Systemik 2. Ordnung.<\/p>\n<ul>\n<li>seit 2003 j\u00e4hrlich, Konzeption der Weiterbildungsreihe \u201cRessourcenerzeugende Beratung\/Ver\u00e4nderungsarbeit\u201c\u2013 6 Seminare 2 t\u00e4gig und Supervision<\/li>\n<li>seit 2007 j\u00e4hrlich, Konzeption, Weiterbildung \u201eAML Hypnosystemisches Coaching\u201c, DGSF zweimal rezertifiziert<\/li>\n<\/ul>\n<h2><strong>2. Psychotherapie<\/strong><\/h2>\n<ul>\n<li>Anerkannte systemische Psychotherapeutin der PT-Kammern NRW und RLP<\/li>\n<li>Approbation Psychologische Psychotherapie<\/li>\n<li>Psychotherapeutenregister-Eintr\u00e4ge der Kassen\u00e4rztlichen Vereinigung\/Fachkunde<\/li>\n<\/ul>\n<p>\u2013 Eintrag f\u00fcr Systemische Therapie (2021 Richtlinienanerkennung)<br \/>\n\u2013 Eintrag f\u00fcr Verhaltenstherapie (1999 PT-Gesetz)<br \/>\n\u2013 Eintrag f\u00fcr Tiefenpsychologische Therapie (1999 PT-Gesetz)<br \/>\n\u2013 Eintr\u00e4ge f\u00fcr AT, PMR, Hypnose (1999 PT-Gesetz)<\/p>\n<p>Zertifikate der Fachgesellschaften:<\/p>\n<ul>\n<li>Zertifizierte Einzel-\/Paar-\/Familientherapeutin DGSF (1993)<\/li>\n<li>Zertifizierte Hypnotherapeutin M.E.G. (1990)<\/li>\n<li>Zertifiziert Stressmanagement BDP (1985)<\/li>\n<li>Zertifiziert Notfallmanagement BDP (2005)<\/li>\n<li>Zertifizierte Trainerin AT, PMR BDP (1992)<\/li>\n<\/ul>\n<h2><strong>3. Coaching<\/strong><\/h2>\n<ul>\n<li>Zertifizierte Senior Coach BDP, DGSF (2011)<\/li>\n<li>Systemischer Coach DGSF (2010)<\/li>\n<\/ul>\n<h3><strong>Biographische Meilensteine<\/strong><\/h3>\n<p>1999 AML Institute als Dach der beiden Institute<br \/>\n1999 Institutsgr\u00fcndung: Milton Erickson Institut, mit 4 hypnotherapeut. Curricula<br \/>\n1995 Institutsgr\u00fcndung: Institut Systeme mit systemischen Weiterbildungen<br \/>\n1999 Psychotherapeutengesetz, Approbation, Fachkunden VT, TP, ST<br \/>\n1995 Erweiterung der Praxis mit Supervisions-, Coaching-Bereich<br \/>\n1995 Geburt einer Tochter<br \/>\n1983 \u2013 1998 Ausbildungs- Konzeption, Durchf\u00fchrung, Supervision der ehrenamtlichen Berater*innen am Nottelefon des Kinderschutzbund St Augustin<br \/>\n1982 ff\u00a0Niederlassung in Bonn mit Psychotherapie, Klinische Psychologie BDP Gesundheitspsychologie. Selbsterfahrungsgruppen, Themenseminaren,<br \/>\n1982 Gr\u00fcndung Psychotherapie Praxis<br \/>\n1978 \u2013 1981 angestellte \u201eKlinische Psychologin\u201c im Haus Wittgenstein -Psychiatrie, Bonn<br \/>\n1975 \u2013 1977 Studium Bonn: Psychologie \u2013 Abschluss: Diplom Psychologin 1977<br \/>\n1971 \u2013 1977 Studium Saarbr\u00fccken: Germanistik mit Literaturwissenschaft u. Linguistik, Soziologie, Psychologie \u2013 Zwischenpr\u00fcfungen<\/p>\n<h3><strong>Ausbildungs-Werdegang<\/strong><\/h3>\n<p>1980 \u2013 2000 systemische Weiterbildungsg\u00e4nge bei P. Watzlawick, M. Selvini Palazzoli, Gunthard Weber, Ingeborg R\u00fccker-Embden-Jonasch u.a.<br \/>\nProvokative Therapie Frank Farrelly<br \/>\nL\u00f6sungsfokussierte Therapie Steve DeShazer und Insoo Kim Berg<br \/>\n1976 \u2013 1980 Ausbildung Gespr\u00e4chspsychotherapie GwG M. Pauls, P. Pauls, H. J\u00fcrgens, P. Bonn<br \/>\n1976 \u2013 1978 Ausbildung Gruppendynamik bei Prof. A. D\u00e4umling, H. J\u00fcrgens<br \/>\n1975 \u2013 1978 Ausbildung Jungscher Analyse, Prof. A. D\u00e4umling<\/p>\n<p>Wichtig in der Entstehung der <strong>eigenen konzeptionellen Arbeit<\/strong> waren:<\/p>\n<ul>\n<li>Ab 1980 \u2013 1985 AK im Landeskrankenhaus Bonn zu Systemischem Denken und Arbeiten<\/li>\n<li>1980-1985 Supervision und Lehre bei Gunthard Weber, Wiesloch und Ingeborg R\u00fccker-Embden-Jonasch, Heidelberg<\/li>\n<li>Systemische Fachtagungen des Fachverbandes DAF (Deutsche Arbeitsgemeinschaft Familientherapie) und Nachfolgeverb\u00e4nde DFS ( Deutsche Gesellschaft f\u00fcr Familientherapie und Systemische Therapie) und DGSF (Deutsche Gesellschaft f\u00fcr Systemische Therapie, Beratung und Familientherapie)<\/li>\n<\/ul>\n","protected":false},"excerpt":{"rendered":"<p><a class=\"ninja_pages_read_more\"  href=\"https:\/\/www.institut-systeme.de\/html\/aml-institute\/anne-m-lang-profil\/\"><\/a><\/p>\n","protected":false},"author":1,"featured_media":0,"parent":11,"menu_order":3,"comment_status":"closed","ping_status":"closed","template":"","meta":{"footnotes":""},"class_list":["post-133","page","type-page","status-publish","hentry"],"aioseo_notices":[],"_links":{"self":[{"href":"https:\/\/www.institut-systeme.de\/html\/wp-json\/wp\/v2\/pages\/133","targetHints":{"allow":["GET"]}}],"collection":[{"href":"https:\/\/www.institut-systeme.de\/html\/wp-json\/wp\/v2\/pages"}],"about":[{"href":"https:\/\/www.institut-systeme.de\/html\/wp-json\/wp\/v2\/types\/page"}],"author":[{"embeddable":true,"href":"https:\/\/www.institut-systeme.de\/html\/wp-json\/wp\/v2\/users\/1"}],"replies":[{"embeddable":true,"href":"https:\/\/www.institut-systeme.de\/html\/wp-json\/wp\/v2\/comments?post=133"}],"version-history":[{"count":17,"href":"https:\/\/www.institut-systeme.de\/html\/wp-json\/wp\/v2\/pages\/133\/revisions"}],"predecessor-version":[{"id":3879,"href":"https:\/\/www.institut-systeme.de\/html\/wp-json\/wp\/v2\/pages\/133\/revisions\/3879"}],"up":[{"embeddable":true,"href":"https:\/\/www.institut-systeme.de\/html\/wp-json\/wp\/v2\/pages\/11"}],"wp:attachment":[{"href":"https:\/\/www.institut-systeme.de\/html\/wp-json\/wp\/v2\/media?parent=133"}],"curies":[{"name":"wp","href":"https:\/\/api.w.org\/{rel}","templated":true}]}}

<p><img loading="lazy" decoding="async" class="alignnone wp-image-509" src="https://www.institut-systeme.de/html/wp-content/uploads/2018/09/sitzend-mangerimg_7658_klein-248x300.jpg" alt="" width="145" height="175" srcset="https://www.institut-systeme.de/html/wp-content/uploads/2018/09/sitzend-mangerimg_7658_klein-248x300.jpg 248w, https://www.institut-systeme.de/html/wp-content/uploads/2018/09/sitzend-mangerimg_7658_klein.jpg 559w" sizes="auto, (max-width: 145px) 100vw, 145px" /></p>
<p><strong>Anne Marie Lang, </strong>Dipl. Psych. PP, Senior Coach, Lehrende, Weiterbildnerin, Autorin</p>
<p><strong>Leiterin der AML Institute Bonn<br />
Institut Systeme &amp; Milton Erickson Institut</strong></p>
<p>– akkreditierte Lehre der Psychotherapeutenkammer NRW, RLP<br />
– Mitgliedsinstitute wissenschaftlichen Fachgesellschaften DGSF, M.E.G.</p>
<ol>
<li><strong>Weiterbildungen, akkreditiert durch PT-Kammer, zertifiziert durch MEG u. DGSF</strong></li>
<li><strong>Psychotherapie Praxis in den Instituten</strong></li>
<li><strong>Coaching- und Supervisionsbereich in den Instituten</strong></li>
</ol>
<p><strong>Veröffentlichungen:</strong></p>
<p><strong>Buch: „Konstruktivistische Psychotherapie. Prozess-Hypno-Systemisch. Das Bonner Ressourcen Modell“, Elsevier Verlag 2022.<br />
</strong>Das Buch basiert auf dem Bonner Ressourcen Modell, das in den AML Instituten entwickelt, gelehrt, und in der psychologischen Arbeit angewandt wird.<strong><br />
<a href="https://www.institut-systeme.de/html/fachwissen/" target="_blank" rel="noopener">Weitere Artikel und Veröffentlichungen sowie Arbeitsmaterialien aus den AML Instituten</a><br />
</strong></p>
<h2><strong>1. Weiterbildung an den AML Instituten</strong></h2>
<p><strong>Lehre und Weiterbildungsermächtigung:<br />
</strong><strong>Weiterbildungsermächtige der PT-Kammern für Systemische Therapie (2011)<br />
</strong><strong>Systemische Zertifikate als DFS, DGSF Lehrende seit 2000</strong></p>
<ul>
<li>für Therapie und Beratung (2012)</li>
<li>für Supervision (2012)</li>
<li>für Coaching (2012)</li>
</ul>
<p><strong>Lehrsupervisorin GwG (2012)</strong></p>
<p><strong>Hypnotherapie- Zertifikate als M.E.G. Ausbilderin<br />
</strong></p>
<ul>
<li>für Klinische Hypnose – Zielgruppe Erwachsenen-PT (2000)</li>
<li>für Kinderhypnotherapie- Zielgruppe Kinder/Jugendlichen-PT (2014)</li>
<li>für Medizinische Hypnose – Zielgruppe Fachärzt*innen (2007)</li>
<li>für Hypno-systemisches Coaching- Zielgruppe Berater*innen, Coaches (2003)</li>
</ul>
<p><strong>4 Weiterbildungsreihen nach M. Erickson:</strong> Die Bonner Konzeptionen haben eine starke ericksonsche, systemische konstruktivistische Pointierung.</p>
<ul>
<li>seit 1999 Erwachsenen- Hypnotherapie</li>
<li>seit 2003 Hypnosystemische Kommunikation</li>
<li>seit 2007 Medizinische Hypnose</li>
<li>seit 2014 Kinder-Hypnotherapie</li>
</ul>
<p><strong>2 Systemische Weiterbildungen: </strong><u> </u>Die Bonner Konzeptionen sind systemisch konstruktivistisch ausgelegt im Sinne der Systemik 2. Ordnung.</p>
<ul>
<li>seit 2003 jährlich, Konzeption der Weiterbildungsreihe “Ressourcenerzeugende Beratung/Veränderungsarbeit“– 6 Seminare 2 tägig und Supervision</li>
<li>seit 2007 jährlich, Konzeption, Weiterbildung „AML Hypnosystemisches Coaching“, DGSF zweimal rezertifiziert</li>
</ul>
<h2><strong>2. Psychotherapie</strong></h2>
<ul>
<li>Anerkannte systemische Psychotherapeutin der PT-Kammern NRW und RLP</li>
<li>Approbation Psychologische Psychotherapie</li>
<li>Psychotherapeutenregister-Einträge der Kassenärztlichen Vereinigung/Fachkunde</li>
</ul>
<p>– Eintrag für Systemische Therapie (2021 Richtlinienanerkennung)<br />
– Eintrag für Verhaltenstherapie (1999 PT-Gesetz)<br />
– Eintrag für Tiefenpsychologische Therapie (1999 PT-Gesetz)<br />
– Einträge für AT, PMR, Hypnose (1999 PT-Gesetz)</p>
<p>Zertifikate der Fachgesellschaften:</p>
<ul>
<li>Zertifizierte Einzel-/Paar-/Familientherapeutin DGSF (1993)</li>
<li>Zertifizierte Hypnotherapeutin M.E.G. (1990)</li>
<li>Zertifiziert Stressmanagement BDP (1985)</li>
<li>Zertifiziert Notfallmanagement BDP (2005)</li>
<li>Zertifizierte Trainerin AT, PMR BDP (1992)</li>
</ul>
<h2><strong>3. Coaching</strong></h2>
<ul>
<li>Zertifizierte Senior Coach BDP, DGSF (2011)</li>
<li>Systemischer Coach DGSF (2010)</li>
</ul>
<h3><strong>Biographische Meilensteine</strong></h3>
<p>1999 AML Institute als Dach der beiden Institute<br />
1999 Institutsgründung: Milton Erickson Institut, mit 4 hypnotherapeut. Curricula<br />
1995 Institutsgründung: Institut Systeme mit systemischen Weiterbildungen<br />
1999 Psychotherapeutengesetz, Approbation, Fachkunden VT, TP, ST<br />
1995 Erweiterung der Praxis mit Supervisions-, Coaching-Bereich<br />
1995 Geburt einer Tochter<br />
1983 – 1998 Ausbildungs- Konzeption, Durchführung, Supervision der ehrenamtlichen Berater*innen am Nottelefon des Kinderschutzbund St Augustin<br />
1982 ff Niederlassung in Bonn mit Psychotherapie, Klinische Psychologie BDP Gesundheitspsychologie. Selbsterfahrungsgruppen, Themenseminaren,<br />
1982 Gründung Psychotherapie Praxis<br />
1978 – 1981 angestellte „Klinische Psychologin“ im Haus Wittgenstein -Psychiatrie, Bonn<br />
1975 – 1977 Studium Bonn: Psychologie – Abschluss: Diplom Psychologin 1977<br />
1971 – 1977 Studium Saarbrücken: Germanistik mit Literaturwissenschaft u. Linguistik, Soziologie, Psychologie – Zwischenprüfungen</p>
<h3><strong>Ausbildungs-Werdegang</strong></h3>
<p>1980 – 2000 systemische Weiterbildungsgänge bei P. Watzlawick, M. Selvini Palazzoli, Gunthard Weber, Ingeborg Rücker-Embden-Jonasch u.a.<br />
Provokative Therapie Frank Farrelly<br />
Lösungsfokussierte Therapie Steve DeShazer und Insoo Kim Berg<br />
1976 – 1980 Ausbildung Gesprächspsychotherapie GwG M. Pauls, P. Pauls, H. Jürgens, P. Bonn<br />
1976 – 1978 Ausbildung Gruppendynamik bei Prof. A. Däumling, H. Jürgens<br />
1975 – 1978 Ausbildung Jungscher Analyse, Prof. A. Däumling</p>
<p>Wichtig in der Entstehung der <strong>eigenen konzeptionellen Arbeit</strong> waren:</p>
<ul>
<li>Ab 1980 – 1985 AK im Landeskrankenhaus Bonn zu Systemischem Denken und Arbeiten</li>
<li>1980-1985 Supervision und Lehre bei Gunthard Weber, Wiesloch und Ingeborg Rücker-Embden-Jonasch, Heidelberg</li>
<li>Systemische Fachtagungen des Fachverbandes DAF (Deutsche Arbeitsgemeinschaft Familientherapie) und Nachfolgeverbände DFS ( Deutsche Gesellschaft für Familientherapie und Systemische Therapie) und DGSF (Deutsche Gesellschaft für Systemische Therapie, Beratung und Familientherapie)</li>
</ul>
