{"id":107,"date":"2017-07-25T15:02:51","date_gmt":"2017-07-25T13:02:51","guid":{"rendered":"https:\/\/www.institut-systeme.de\/html?page_id=107"},"modified":"2024-04-10T16:09:41","modified_gmt":"2024-04-10T14:09:41","slug":"medizinische-hypnose-medhyp","status":"publish","type":"page","link":"https:\/\/www.institut-systeme.de\/html\/weiterbildung-meg-dgfs\/hypnotherapie-weiterbildung-m-e-g\/medizinische-hypnose-medhyp\/","title":{"rendered":"Medizinische Hypnose &#8211; MedHyp"},"content":{"rendered":"<p><strong>&#8220;MedHyp M.E.G.&#8221; &#8211; Medizinische Hypnose f\u00fcr \u00c4rztinnen und \u00c4rzte in Allgemeinmedizin, An\u00e4sthesie, Chirurgie, Dermatologie, Gyn\u00e4kologie, Innere Medizin, Neurologie, Onkologie, Orthop\u00e4die, P\u00e4diatrie, Radiologie, Urologie, u.a.. Es richtet sich auch an Dipl.PsychologInnen in Krankenh\u00e4usern und im medizinischen Arbeitsbereich.<\/strong><\/p>\n<p>Seit 2007 bietet das Bonner Milton Erickson Institut j\u00e4hrlich den M.E.G.-Weiterbildungsgang an.<br \/>\n<a href=\"https:\/\/www.institut-systeme.de\/html\/wp-content\/uploads\/2024\/04\/infoblatt_intervisionen.pdf\" target=\"_blank\" rel=\"noopener\">Termine Back-Up und Online Intervisionstreffen f\u00fcr MedHypler<\/a><\/p>\n<h2>Ablauf der M.E.G. &#8211; Weiterbildung &#8220;MedHyp&#8221;<\/h2>\n<ul>\n<li>12 Grundseminare, genannt Med-Seminare (Med1 &#8211; Med12) (mittwochnachmittags)<\/li>\n<li>4 Anwendungsseminare\/C-Seminare<\/li>\n<li>Supervisionen mindestens 50 Ustd. mit Falldarstellungen<\/li>\n<\/ul>\n<p><strong>(Alle Seminare und die Supervisionstermine k\u00f6nnen auch einzeln gebucht werden.)<\/strong><\/p>\n<p><strong>\u00dcberblick Med-Seminare<\/strong><\/p>\n<div class=\"otw-sc-toggle\"><h3 class=\"toggle-trigger widget-title closed\">Med 1: Einf\u00fchrung, Induktion, Selbsthypnose<span class=\"icon\"><\/span><\/h3><div class=\"toggle-content\"><p>Einsatz im station\u00e4ren u. ambulanten medizinischen Kontext, Standardhypnose, traditionelle u. Ericksonsche Hypnose: Theorie, Selbsterfahrung, Anleitung, Induktionen, Praxisaustausch. Unterschiede und \u00c4hnlichkeiten zu anderen Kontexten wie: Psychotherapie, Beratung, Coaching, Sport und anderen speziellen Anwendungsbereichen; Standardhypnose und ihre Induktionen; Prinzipien der Ericksonschen Hypnose, Vorgehensweisen, Haltungen und ihre dahinterliegenden Grundannahmen; Erweiterungen, Einsatzgebiete; Selbsthypnose: Theorie, Selbsterfahrung, Anleitung, Einsatz.<\/p><\/div><\/div>\n<div class=\"otw-sc-toggle\"><h3 class=\"toggle-trigger widget-title closed\">Med 2: Direkte Induktionsmethoden<span class=\"icon\"><\/span><\/h3><div class=\"toggle-content\"><p>Direkte Induktionen aus der Standardhypnose u. im Ericksonschen Vorgehen. Die Vielfalt der Tranceinduktionen. Vorbereitung, \u201eB\u00fchne\u201c, Durchf\u00fchrung, Nachbereitung und Nutzung \u00a0Einsatzgebiete: Notfallmedizin, med. Eingriffe, \u00a0Untersuchungen, Operationen, Nach- Behandlungen.<\/p><\/div><\/div>\n<div class=\"otw-sc-toggle\"><h3 class=\"toggle-trigger widget-title closed\">Med 3: Therapeutische Beziehung<span class=\"icon\"><\/span><\/h3><div class=\"toggle-content\"><p> Hypnotischer Rapport- Herstellung von Beziehung, Aufmerksamkeit, Vertrauen, Kontakt. \u201ePacen, \u00a0Leaden, Seeden\u201c, Arbeit mit: Sinnesmodalit\u00e4ten, Ausrichtung der Aufmerksamkeit, Musterunterbrechung, Ressourcenorientierung, L\u00f6sungsfokussierung, das \u00e4rztliche Gespr\u00e4ch, Diagnosemitteilung. Suggestion von Rolle u. medizinischer Kontext. das\u201e System Behandlung\u201c Der Rapport ist in jedem Kontext &#8211; aber unterschiedlich gestaltet &#8211; entscheidend f\u00fcr den Einsatz von Hypnose. Lernen von der Beziehungsgestaltung der verschiedenen Modelle: Psychodynamisches Modell: Arbeit mit der therapeutischen Beziehung und ihren \u00dcbertragungsmustern und Gegen\u00fcbertragungsmustern. Systemisch-konstruktivistisches Modell: Konstruktivistische Arbeit mit der Selbstorganisation. Metaebenen, Perspektivenvielfalt und Beobachterabh\u00e4ngigkeit von Wirklichkeiten, Eigenschaften in Systemmuster erweitern usw.. Humanistisches Modell: Arbeit nach den 4 Basisvariablen von C. Rogers als Grundlage jeder therapeutischen Arbeit. Lerntheoretisches Modell: Problemanalysen und darauf bezogenes Programm aus: Lernen, Verlernen, Umlernen, Modellernen, Neulernen auf emotionaler, kognitiver und verhaltensm\u00e4\u00dfiger Ebene.<\/p><\/div><\/div>\n<div class=\"otw-sc-toggle\"><h3 class=\"toggle-trigger widget-title closed\">Med 4: Hypnotische Sprache und Suggestion<span class=\"icon\"><\/span><\/h3><div class=\"toggle-content\"><p>Die Sprache als Orientierungs- u. Fokussierungsmedium. Sprache mit reduzierenden u. ausw\u00e4hlenden Filtern. Sprache als wirklichkeitsschaffendes Medium im sozialen Austausch u. in der Fremd-\/Selbstwahrrnehmung. Sprache, ihre Suggestionen, ihre Implikationen als problemschaffendes u. l\u00f6sungsschaffendes Instrument jeder Behandlung: Nocebo und Placebo- Beachtung, Sprache mit determinierendem Charakter in suggestiv bedeutsamen Situationen: Vor-, Nach- u. W\u00e4hrend-Behandlung. Die Sprachen u. ihre Suggestionen eines Systems im pr\u00e4genden Kontextes, hier Sprachliche Suggestionen im Behandlungskontext: \u00e4rztliches Gespr\u00e4ch: Diagnosemitteilungs-\/Aufkl\u00e4rungs-\/ Krisen-\/Not-\/Entwicklungs-Gespr\u00e4che als Konversationstrance\/Hypnose.<\/p><\/div><\/div>\n<div class=\"otw-sc-toggle\"><h3 class=\"toggle-trigger widget-title closed\">Med 5: Dissoziation<span class=\"icon\"><\/span><\/h3><div class=\"toggle-content\"><p>Hypnose ist Dissoziation u. l\u00f6st Dissoziation\/Tranceph\u00e4nomene aus. Das in Ritual- und Konversationstrance. Das vor, w\u00e4hrend, nach der Behandlung, z.B. von Willentlichen\/Unwillk\u00fcrlichem, Unbewusstem\/ Bewusstem\/ K\u00f6rper\/ Erleben, hier\/dort, heute\/morgen, heute\/gestern, Problemwirklichkeit\/L\u00f6sungswirklichkeit, Externalisierung\/ Internalisierung,\u00a0 \u201eDasein\/Doch-nicht-dasein\u201c usw. Vermittlung zur Induktionen u. dann Arbeit in der Trance. Vermittlung der Dissoziationstechniken zur Induktionen von Trance u. Arbeiten in Trance\/ Aufrechterhaltung der Trance w\u00e4hrend einer Behandlung. Beispiele.<\/p><\/div><\/div>\n<div class=\"otw-sc-toggle\"><h3 class=\"toggle-trigger widget-title closed\">Med6: Assoziation<span class=\"icon\"><\/span><\/h3><div class=\"toggle-content\"><p> Trance ver\u00e4ndert die Mentalen Vorg\u00e4nge beim Erinnern, Verankern, Wahrnehmen, Empfinden im K\u00f6rperlichen und Seelischen, Pr\u00e4sentsein, \u201eBei-sich-sein\u201c usw. \u00dcber Assoziationen in Trance z.B. erprobte Erfahrungen, Zug\u00e4nge zu Ressourcen u. neue Verbindung herstellen. Vermittlung, Untersuchung, Erprobung dieser Ph\u00e4nomene. Vorstellungsarbeit in Trance. Umsetzen in medizinischen Situationen. Transfer in Bezug auf Ihre Praxisbeispiele.<\/p><\/div><\/div>\n<div class=\"otw-sc-toggle\"><h3 class=\"toggle-trigger widget-title closed\">Med 7: Indirekte Hypnose<span class=\"icon\"><\/span><\/h3><div class=\"toggle-content\"><p>Vorgespr\u00e4che, Nachgespr\u00e4che, Aufrechterhaltung w\u00e4hrend der Behandlung: hypnotisch nutzen, im bedeutsam gestalteten fokussierten Kontext, Systemische Kommunikation der Beteiligten wie Behandlungsteam und Kollegen, Angeh\u00f6rige, Behandler. Vertrauen in Begegnung herstellen, alles Vorkommende individuell utilisieren. Dort, wo die Mitarbeit des Patienten gerade dadurch wichtig ist, dass er sich der Situation \u00fcberlassen lernt (Untersuchungen, Eingriffe), ist dies auf hypnotischem Wege zu erm\u00f6glichen. Milton Erickson war der Meister der indirekten Hypnose. Von ihm stammt der Spruch: \u201eIch ver\u00e4ndere niemand, ich stelle einen Rahmen her, in dem der andere sich ver\u00e4ndern kann.\u201c. In Konversationstrance Selbstheilung, Compliance, Eigenverantwortlichkeit evozieren. Beispiele aus medizinischen Arbeitsfeldern: Gyn\u00e4kologie, Kardiologie, Schmerztherapie, Zahnmedizin usw. Wie dieser Rahmen bei medizinischen Situationen zu gestalten ist, ist die Kunst der Hypnose und ist je nach Patienten, Behandler und Anlass entsprechend zu schneidern.<\/p><\/div><\/div>\n<div class=\"otw-sc-toggle\"><h3 class=\"toggle-trigger widget-title closed\">Med 8: Metaphern in der Hypnotherapie<span class=\"icon\"><\/span><\/h3><div class=\"toggle-content\"><p>Bilder, Metaphern als analoge Sprache der Trance. Vorlagen, um eigene innere erweiterte Entwicklung an zu regen. Vieldeutig und interpretierbar f\u00fcr den Impulsinput und als posthypnotische Anker Metaphern in der Hypnosearbeit und Konversationstrance. Unterschiedliche Beispiele aus der Kinderhypnose und Erwachsenhypnose, Hypnose &#8220;schwieriger&#8221; Patienten und schwieriger Situationen. <\/p><\/div><\/div>\n<div class=\"otw-sc-toggle\"><h3 class=\"toggle-trigger widget-title closed\">Med 9: Regression<span class=\"icon\"><\/span><\/h3><div class=\"toggle-content\"><p>Zeitenarbeit in der Hypnose sowohl Zeitenreise in die Zukunftsperspektive als auch in die Vergangenheit. Schutzma\u00dfnahmen. Arbeit im Prozess der Integration und\u00a0 Neubewertung. Umgehen und Verfl\u00fcssigen von Erfahrungen\u00a0 z.B. bei spontan in Behandlungen auftretenden oder bei zuvor bekannten\u00a0 Traumata. Medizinische Beispielsituationen. Geht die L\u00f6sungsorientierung mit ihrem Fokus in die Zukunft, um von hier aus Impulse f\u00fcr die Gegenwartsbew\u00e4ltigung zu bekommen, so arbeiten wir in der Regression mit der Vergangenheit bzw. mit verschiedenen Vergangenheitswirklichkeiten. Viele Menschen haben das Bed\u00fcrfnis, sich Situationen als Vergangenheitserfahrungen nochmals anzuschauen und somit zu bew\u00e4ltigen. Die Arbeit in der Regression bedarf eines therapeutischen Mitwirkens, so dass sie angereichert mit therapeutischen Ver\u00e4nderungs-Angeboten zu Bew\u00e4ltigung f\u00fchrt. Dieser Einsatz von Hypnose macht z.B. auch Sinn bei der Traumabew\u00e4ltigung. Im gesch\u00fctzten Trancezustand kann hier die Traumasituation integriert werden. Schnittstelle zur Psychotherapie, aber auch Erfahrung mit spontan auftretenden Situationen w\u00e4hrend Behandlungen.<\/p><\/div><\/div>\n<div class=\"otw-sc-toggle\"><h3 class=\"toggle-trigger widget-title closed\">Med 10: Angst und Phobien<span class=\"icon\"><\/span><\/h3><div class=\"toggle-content\"><p>In Trance empfinden wir anders und so k\u00f6nnen wir hier auch zu \u00c4ngsten und Phobien einen neuen Zugang entwickeln. Wir k\u00f6nnen uns diese in einer Dissoziations-Beobachtungstrance in dosiertem Abstand betrachten, wir k\u00f6nnen sie in einer Modifizierungsarbeit ver\u00e4ndern und unsere Wahrnehmung erweitern und dadurch wieder mehr Handlungsspielraum erhalten. Dazu kommt, dass die meisten Menschen Trance als entspannend erleben und ein Entspannungszustand auch \u00c4ngste und Anspannung ausschlie\u00dft. Zudem hilft es vielen, die Selbsthypnose zu erlernen, um selbst wieder mehr Eigenkontrolle in gef\u00fcrchteten Situationen zu erhalten.<\/p><\/div><\/div>\n<div class=\"otw-sc-toggle\"><h3 class=\"toggle-trigger widget-title closed\">Med 11: Akuter Schmerz<span class=\"icon\"><\/span><\/h3><div class=\"toggle-content\"><p> Einsatz bei akutem Schmerz und suggestiven Bef\u00fcrchtungen, Anspannungen, k\u00f6rperlichen Reizen. Der Hypno- Fokus: ver\u00e4ndert die Wahrnehmung, verhilft zu mehr Kontrollm\u00f6glichkeit, unterst\u00fctzt eigene Kompetenz, verlagert in Trance die Aufmerksamkeit. Lernen vom traditionellen Einsatz beim Zahnarzt. Zugang zu \u00c4ngsten und Phobien im umgeschalteten Trancezustand durch Dissoziation, Modifizierungs-, Wahrnehmungsarbeit, Reassoziation von Ressourcen. Entspannung in Trance verunm\u00f6glicht u. fokussiert andere Ausrichtung als \u201e\u00c4ngste-Problem-Trance\u201c. Selbsthypnose f\u00fcr mehr Eigenkontrolle\/Selbstheilung\/bessere Versorgung in angstbesetzten medizinischen Situationen. Arbeit mit Phobien. Systemische Fokuserweiterung. Beim akuten Schmerz spielen immer unwillk\u00fcrlich Bef\u00fcrchtungen, Anspannungen und k\u00f6rperliche Reize zusammen. Hier haben Zahn\u00e4rzte traditionell schon wirksame Techniken entwickelt. Da alle diese Faktoren psychisch und hypnotisch zu beeinflussen sind, macht es Sinn einen Rahmen zu schaffen, in dem durch Tranceentwicklung Wahrnehmung ver\u00e4ndert wird, die Person wieder mehr Kontrollm\u00f6glichkeiten bekommt und gleichzeitig ihre eigene Kompetenz unterst\u00fctzt wird, in Trance der Schmerzreiz \u00fcber Aufmerksamkeit verlagert und dadurch gedimmt bis ausgeschaltet wird und die \u201eSchmerztrance\u201c ihre Form ver\u00e4ndern kann.<\/p><\/div><\/div>\n<div class=\"otw-sc-toggle\"><h3 class=\"toggle-trigger widget-title closed\">Med 12: Chronischer Schmerz<span class=\"icon\"><\/span><\/h3><div class=\"toggle-content\"><p> Chronischer Schmerz als vielf\u00e4ltiger Schmerz. Hypnose als Br\u00fccke zwischen K\u00f6rper u. Seele. Modifizierung \u00fcber die Schmerzgestalt u. Sinnesmodalit\u00e4ten, sowie Symbole. Arbeit mit unwillk\u00fcrlicher Ideomotorik z.B. Handlevitation. Anleitung zur Selbsthypnose. Standardinterventionsinhalte wie z.B. Wohlf\u00fchlorte, Schmerzdissoziation, Hilfe durch \u201einnere Ratgeber\u201c, \u201eStellvertreter\u201c, \u201einnere Antworten\u201c, individuelle Modifizierung bei Kenntnis der Prinzipien. \u201eChronische Situation als Systemische Situation.\u201c Der chronische Schmerz ist vom akuten Schmerz zu unterschieden. Hier finden wir eine Vielzahl m\u00f6glicher Interventionen in der Trancearbeit. Chronischer Schmerz greift in den Bereich der Psychotherapie. Die Hypnose ist dabei eine gute Br\u00fccke zwischen K\u00f6rper und Seele. Auch hier hilft uns das andere Empfinden in Trancen und das sich allein schon durch diesen Zustand Schmerzempfinden ver\u00e4ndert. Wie bei \u00c4ngsten k\u00f6nnen wir Schmerzen zudem in den verschiedenen Sinnesmodalit\u00e4ten modifizieren, wir k\u00f6nnen sie symbolhaft werden lassen und dann mit diesem Symbol weiterarbeiten. Da Schmerzentstehung im Bereich des Unwillk\u00fcrlichen liegt, ist die unwillk\u00fcrliche Arbeit mit Ideomotorik dementsprechend. Anleitung zur Selbsthypnose von Schmerzpatienten. Anleitung zu individuellen auf die Person bezogene Interventionen.<\/p><\/div><\/div>\n<h2>Aktuelle Termine<\/h2>\n<h3>Grundseminare<\/h3>\n<ul class='eme_events_list'><li><span class=\"bold border-bottom\">20. Mai 2026 <\/span><br \/> <a href='https:\/\/www.institut-systeme.de\/html\/events\/med-1-einfuehrung-induktion-selbsthypnose-3\/'  title='Med 1 - Einf\u00fchrung, Induktion, Selbsthypnose'>Med 1 &#8211; Einf\u00fchrung, Induktion, Selbsthypnose<\/a><br \/><p>MedHyp &#8211; Medizinische Hypnose f\u00fcr \u00c4rzte aller Fachrichtungen <\/p><\/li><li><span class=\"bold border-bottom\">24. Juni 2026 <\/span><br \/> <a href='https:\/\/www.institut-systeme.de\/html\/events\/med-2-direkte-induktionsmethoden-4\/'  title='Med 2 - &quot;Direkte Induktionsmethoden&quot;'>Med 2 &#8211; &quot;Direkte Induktionsmethoden&quot;<\/a><br \/><p>MedHyp &#8211; Medizinische Hypnose f\u00fcr \u00c4rzte aller Fachrichtungen <\/p><\/li><li><span class=\"bold border-bottom\">15. Juli 2026 <\/span><br \/> <a href='https:\/\/www.institut-systeme.de\/html\/events\/med-3-bonn-therapeutische-beziehung\/'  title='Med-3 Bonn - &quot;Therapeutische Beziehung&quot;'>Med-3 Bonn &#8211; &quot;Therapeutische Beziehung&quot;<\/a><br \/><p>MedHyp &#8211; Medizinische Hypnose f\u00fcr \u00c4rzte aller Fachrichtungen <\/p><\/li><\/ul>\n<h3>Supervision<\/h3>\n<ul class='eme_events_list'><li><span class=\"bold border-bottom\">12. Juni 2026 <\/span><br \/> <a href='https:\/\/www.institut-systeme.de\/html\/events\/medhyp-supervision-12\/'  title='MedHyp-Supervision'>MedHyp-Supervision<\/a><br \/><\/li><li><span class=\"bold border-bottom\">25. September 2026 <\/span><br \/> <a href='https:\/\/www.institut-systeme.de\/html\/events\/medhyp-supervision-14\/'  title='MedHyp-Supervision'>MedHyp-Supervision<\/a><br \/><\/li><li><span class=\"bold border-bottom\">4. Dezember 2026 <\/span><br \/> <a href='https:\/\/www.institut-systeme.de\/html\/events\/medhyp-supervision-15\/'  title='MedHyp-Supervision'>MedHyp-Supervision<\/a><br \/><\/li><\/ul>\n<h3>Anwendungsseminare<\/h3>\n<ul class='eme_events_list'><li><span class=\"bold border-bottom\">4. Mai 2026 <\/span><br \/> <a href='https:\/\/www.institut-systeme.de\/html\/events\/modul-6-ressourcenerzeugung-in-unterschiedlichen-praxisfeldern-4\/'  title='Modul 6: Ressourcenerzeugung in unterschiedlichen Praxisfeldern'>Modul 6: Ressourcenerzeugung in unterschiedlichen Praxisfeldern<\/a><br \/><p>Anwendungsseminare Bonner Ressourcenmodell Systemisches Coaching &#8211; Ressourcenerzeugende Beratung \/ Ver\u00e4nderungsarbeit <\/p><\/li><li><span class=\"bold border-bottom\">8. Mai 2026 <\/span><br \/> <a href='https:\/\/www.institut-systeme.de\/html\/events\/hypnose-induktionen-in-vielfalt-und-einsatz\/'  title='Hypnose-Induktionen in Vielfalt und Einsatz'>Hypnose-Induktionen in Vielfalt und Einsatz<\/a><br \/><p>Anwendungsseminare <\/p><\/li><li><span class=\"bold border-bottom\">28. Mai 2026 <\/span><br \/> <a href='https:\/\/www.institut-systeme.de\/html\/events\/das-systemische-seminar-wirkungsverstaerkung-der-hypnosearbeit-durch-systemisches-denken-und-arbeit-in-schwierigen-faellen-4\/'  title='Das Systemische Seminar: Wirkungsverst\u00e4rkung der Hypnosearbeit durch Systemisches Denken und Arbeit in schwierigen F\u00e4llen'>Das Systemische Seminar: Wirkungsverst\u00e4rkung der Hypnosearbeit durch Systemisches Denken und Arbeit in schwierigen F\u00e4llen<\/a><br \/><p>Anwendungsseminare <\/p><\/li><\/ul>\n<p><a href=\"https:\/\/www.institut-systeme.de\/html\/termine\/\">zum Terminkalender<\/a><\/p>\n","protected":false},"excerpt":{"rendered":"<p><a class=\"ninja_pages_read_more\"  href=\"https:\/\/www.institut-systeme.de\/html\/weiterbildung-meg-dgfs\/hypnotherapie-weiterbildung-m-e-g\/medizinische-hypnose-medhyp\/\"><\/a><\/p>\n","protected":false},"author":1,"featured_media":0,"parent":99,"menu_order":4,"comment_status":"closed","ping_status":"closed","template":"","meta":{"footnotes":""},"class_list":["post-107","page","type-page","status-publish","hentry"],"aioseo_notices":[],"_links":{"self":[{"href":"https:\/\/www.institut-systeme.de\/html\/wp-json\/wp\/v2\/pages\/107","targetHints":{"allow":["GET"]}}],"collection":[{"href":"https:\/\/www.institut-systeme.de\/html\/wp-json\/wp\/v2\/pages"}],"about":[{"href":"https:\/\/www.institut-systeme.de\/html\/wp-json\/wp\/v2\/types\/page"}],"author":[{"embeddable":true,"href":"https:\/\/www.institut-systeme.de\/html\/wp-json\/wp\/v2\/users\/1"}],"replies":[{"embeddable":true,"href":"https:\/\/www.institut-systeme.de\/html\/wp-json\/wp\/v2\/comments?post=107"}],"version-history":[{"count":39,"href":"https:\/\/www.institut-systeme.de\/html\/wp-json\/wp\/v2\/pages\/107\/revisions"}],"predecessor-version":[{"id":3493,"href":"https:\/\/www.institut-systeme.de\/html\/wp-json\/wp\/v2\/pages\/107\/revisions\/3493"}],"up":[{"embeddable":true,"href":"https:\/\/www.institut-systeme.de\/html\/wp-json\/wp\/v2\/pages\/99"}],"wp:attachment":[{"href":"https:\/\/www.institut-systeme.de\/html\/wp-json\/wp\/v2\/media?parent=107"}],"curies":[{"name":"wp","href":"https:\/\/api.w.org\/{rel}","templated":true}]}}