{"id":101,"date":"2017-07-25T15:02:01","date_gmt":"2017-07-25T13:02:01","guid":{"rendered":"https:\/\/www.institut-systeme.de\/html?page_id=101"},"modified":"2024-01-16T16:40:57","modified_gmt":"2024-01-16T15:40:57","slug":"klinische-hypnose-klihyp","status":"publish","type":"page","link":"https:\/\/www.institut-systeme.de\/html\/weiterbildung-meg-dgfs\/hypnotherapie-weiterbildung-m-e-g\/klinische-hypnose-klihyp\/","title":{"rendered":"Klinische Hypnose &#8211; KliHyp"},"content":{"rendered":"<p><a href=\"https:\/\/www.institut-systeme.de\/html\/wp-content\/uploads\/2019\/03\/wl_klihyp.pdf\" target=\"_blank\" rel=\"noopener\">Inhalts-\u00dcberblick der Ausbildung als PDF-Datei zum Runterladen<\/a><\/p>\n<p><a href=\"https:\/\/www.institut-systeme.de\/html\/wp-content\/uploads\/2024\/01\/backup-intervision-einladung-klihyp.pdf\" target=\"_blank\" rel=\"noopener\">Back-up und Online-Intervisionstreffen im Rahmen des KliHyp-Curriculum<\/a><\/p>\n<p><strong>Ablauf der M.E.G. Weiterbildung &#8220;KliHyp&#8221;<\/strong><\/p>\n<ul>\n<li><strong>1 Kompakteinf\u00fchrungsseminar (B1)<\/strong> als Startseminar<\/li>\n<li><strong>7 Basisseminare<\/strong>, genannt B-Seminare (B2 &#8211; B8)<\/li>\n<li><strong>Supervision <\/strong>\u00a0mindestens 50 Ustd. mit Falldarstellungen<\/li>\n<li><strong>4<\/strong> Anwendungsseminare\/C-Seminare<\/li>\n<\/ul>\n<p><strong>Alle Seminare und Supervisionstermine k\u00f6nnen auch einzeln gebucht werden.<\/strong><\/p>\n<p><strong><u>\u00dcberblick B-Seminare<\/u><\/strong><\/p>\n<div class=\"otw-sc-toggle\"><h3 class=\"toggle-trigger widget-title closed\">B1 Einf\u00fchrung in die Klinische Hypnose \/ Hypnotherapie (3-t\u00e4gig)<span class=\"icon\"><\/span><\/h3><div class=\"toggle-content\"><p>Grundanschauungen und anthropologische Pr\u00e4missen Ericksons; verschiedene Formen der Utilisation (z. B. der Werte und des Weltbildes des Klienten); Ver\u00e4nderung durch Vorstellung und Suggestion; einfache Tranceinduktionen; Tranceph\u00e4nomene; Indikationen und Kontraindikationen; Anwendungsbeispiele.<\/p><\/div><\/div>\n<div class=\"otw-sc-toggle\"><h3 class=\"toggle-trigger widget-title closed\">B2 Rapport: Verbale und nonverbale Kommunikation (2-t\u00e4gig)<span class=\"icon\"><\/span><\/h3><div class=\"toggle-content\"><p> Kooperativer Ansatz und individualisiertes Vorgehen; Gestaltung der therapeutischen Beziehung durch Pacing und Leading; Nutzung verbaler und nonverbaler Kommunikationsm\u00f6glichkeiten; Repr\u00e4sentationssysteme; VAKOG; Assoziation von Ressourcen; Ziel- und Zukunftsorientierung; Techniken des Ankerns.<\/p><\/div><\/div>\n<div class=\"otw-sc-toggle\"><h3 class=\"toggle-trigger widget-title closed\">B3 Indirekte Kommunikation und Induktion (2-t\u00e4gig)<span class=\"icon\"><\/span><\/h3><div class=\"toggle-content\"><p> Sprache und Wirklichkeit; Formen direkter und indirekter Suggestionen; pragmatische Modelle der Untersuchung von Sprache (Meta-Modell) und der Verwendung hypnotherapeutischer Sprachmuster (Milton-Modell); indirekte Tranceinduktionen; Zeitprogression.<\/p><\/div><\/div>\n<div class=\"otw-sc-toggle\"><h3 class=\"toggle-trigger widget-title closed\">B4 Nutzung von Tranceph\u00e4nomenen I: Dissoziation und Assoziation (2-t\u00e4gig)<span class=\"icon\"><\/span><\/h3><div class=\"toggle-content\"><p>Methoden der Trancevertiefung; Teilearbeit; Kommunikation \u00fcber ideomotorische Signale; Nutzung von Handlevitation und Fingersignalen; Utilisation und Transformation von Symptomen; posthypnotische Suggestionen.<\/p><\/div><\/div>\n<div class=\"otw-sc-toggle\"><h3 class=\"toggle-trigger widget-title closed\">B5 Nutzung von Tranceph\u00e4nomenen II: Regression (2-t\u00e4gig)<span class=\"icon\"><\/span><\/h3><div class=\"toggle-content\"><p>Altersregression; Affektbr\u00fccke; ressourcenorientierte Ver\u00e4nderung schwieriger Lebenserfahrungen; Unterst\u00fctzung belasteter und bed\u00fcrftiger Selbstanteile; Hypnotherapeutische Trauma-Bew\u00e4ltigung; Amnesie und Hypermnesie.<\/p><\/div><\/div>\n<div class=\"otw-sc-toggle\"><h3 class=\"toggle-trigger widget-title closed\">B6 Nutzung von Tranceph\u00e4nomenen III: Symbole und Rituale (2-t\u00e4gig)<span class=\"icon\"><\/span><\/h3><div class=\"toggle-content\"><p>Symbolisierungstechniken; Hypnotherapeutische Teilearbeit, Abgrenzung von anderen Teilekonzepten; Rituale und klassische Induktionstechniken; Strategische Aspekte: Konfusion; minimale strategische Ver\u00e4nderung; Utilisation von Problemtrancen; paradoxe Verschreibungen, Umdeutungen.<\/p><\/div><\/div>\n<div class=\"otw-sc-toggle\"><h3 class=\"toggle-trigger widget-title closed\">B7 Therapeutische Metaphern und Geschichten (2-t\u00e4gig)<span class=\"icon\"><\/span><\/h3><div class=\"toggle-content\"><p>Nutzung und Konstruktion von Anekdoten und Metaphern; Stellvertretertechnik; Klienten- und Therapeutenmetaphern; Metaphern f\u00fcr psychosomatische und andere Symptome; Gestufte Metaphern; Kettenmetaphern.<\/p><\/div><\/div>\n<div class=\"otw-sc-toggle\"><h3 class=\"toggle-trigger widget-title closed\">B8 Integration und spezielle Anwendungen (2-t\u00e4gig)<span class=\"icon\"><\/span><\/h3><div class=\"toggle-content\"><p>Hypnotherapeutische Behandlungsplanung; Kombination von Hypnotherapie mit anderen Therapieformen; Klienten- und indikationsspezifische Anwendungen; Abschluss- und Transferinterventionen.<\/p><\/div><\/div>\n<h2>Aktuelle Termine<\/h2>\n<h3>Grundseminare<\/h3>\n<ul class='eme_events_list'><li><span class=\"bold border-bottom\">22. Mai 2026 <\/span><br \/> <a href='https:\/\/www.institut-systeme.de\/html\/events\/b8-integration-und-spezielle-anwendungen-7\/'  title='B8 Integration und spezielle Anwendungen'>B8 Integration und spezielle Anwendungen<\/a><br \/><p>KliHyp &#8211; Klinische Hypnose <\/p><\/li><li><span class=\"bold border-bottom\">14. Juli 2026 <\/span><br \/> <a href='https:\/\/www.institut-systeme.de\/html\/events\/kostenfreier-infoabend-das-bonner-ressourcen-modell-konstruktivistische-veraenderungsarbeit-in-psychotherapie-und-coaching\/'  title='Kostenfreier Infoabend: Das Bonner Ressourcen Modell - Konstruktivistische Ver\u00e4nderungsarbeit in Psychotherapie und Coaching'>Kostenfreier Infoabend: Das Bonner Ressourcen Modell &#8211; Konstruktivistische Ver\u00e4nderungsarbeit in Psychotherapie und Coaching<\/a><br \/><\/li><li><span class=\"bold border-bottom\">18. September 2026 <\/span><br \/> <a href='https:\/\/www.institut-systeme.de\/html\/events\/b1-einfuehrung-in-die-klinische-hypnosehypnotherapie-4\/'  title='B1 &quot;Einf\u00fchrung in die Klinische Hypnose\/Hypnotherapie&quot;'>B1 &quot;Einf\u00fchrung in die Klinische Hypnose\/Hypnotherapie&quot;<\/a><br \/><p>KliHyp &#8211; Klinische Hypnose <\/p><\/li><\/ul>\n<h3>Supervision<\/h3>\n<ul class='eme_events_list'><li><span class=\"bold border-bottom\">12. Juni 2026 <\/span><br \/> <a href='https:\/\/www.institut-systeme.de\/html\/events\/klihyp-und-kihyp-supervision-7\/'  title='KliHyp- und KiHyp-Supervision'>KliHyp- und KiHyp-Supervision<\/a><br \/><\/li><li><span class=\"bold border-bottom\">14. Juli 2026 <\/span><br \/> <a href='https:\/\/www.institut-systeme.de\/html\/events\/kostenfreier-infoabend-das-bonner-ressourcen-modell-konstruktivistische-veraenderungsarbeit-in-psychotherapie-und-coaching\/'  title='Kostenfreier Infoabend: Das Bonner Ressourcen Modell - Konstruktivistische Ver\u00e4nderungsarbeit in Psychotherapie und Coaching'>Kostenfreier Infoabend: Das Bonner Ressourcen Modell &#8211; Konstruktivistische Ver\u00e4nderungsarbeit in Psychotherapie und Coaching<\/a><br \/><\/li><li><span class=\"bold border-bottom\">25. September 2026 <\/span><br \/> <a href='https:\/\/www.institut-systeme.de\/html\/events\/klihyp-und-kihyp-supervision-8\/'  title='KliHyp- und KiHyp-Supervision'>KliHyp- und KiHyp-Supervision<\/a><br \/><\/li><\/ul>\n<h3>Anwendungsseminare<\/h3>\n<ul class='eme_events_list'><li><span class=\"bold border-bottom\">4. Mai 2026 <\/span><br \/> <a href='https:\/\/www.institut-systeme.de\/html\/events\/modul-6-ressourcenerzeugung-in-unterschiedlichen-praxisfeldern-4\/'  title='Modul 6: Ressourcenerzeugung in unterschiedlichen Praxisfeldern'>Modul 6: Ressourcenerzeugung in unterschiedlichen Praxisfeldern<\/a><br \/><p>Anwendungsseminare Bonner Ressourcenmodell Systemisches Coaching &#8211; Ressourcenerzeugende Beratung \/ Ver\u00e4nderungsarbeit <\/p><\/li><li><span class=\"bold border-bottom\">8. Mai 2026 <\/span><br \/> <a href='https:\/\/www.institut-systeme.de\/html\/events\/hypnose-induktionen-in-vielfalt-und-einsatz\/'  title='Hypnose-Induktionen in Vielfalt und Einsatz'>Hypnose-Induktionen in Vielfalt und Einsatz<\/a><br \/><p>Anwendungsseminare <\/p><\/li><li><span class=\"bold border-bottom\">28. Mai 2026 <\/span><br \/> <a href='https:\/\/www.institut-systeme.de\/html\/events\/das-systemische-seminar-wirkungsverstaerkung-der-hypnosearbeit-durch-systemisches-denken-und-arbeit-in-schwierigen-faellen-4\/'  title='Das Systemische Seminar: Wirkungsverst\u00e4rkung der Hypnosearbeit durch Systemisches Denken und Arbeit in schwierigen F\u00e4llen'>Das Systemische Seminar: Wirkungsverst\u00e4rkung der Hypnosearbeit durch Systemisches Denken und Arbeit in schwierigen F\u00e4llen<\/a><br \/><p>Anwendungsseminare <\/p><\/li><\/ul>\n<p><a href=\"https:\/\/www.institut-systeme.de\/html\/termine\/\">zum Terminkalender<\/a><\/p>\n","protected":false},"excerpt":{"rendered":"<p><a class=\"ninja_pages_read_more\"  href=\"https:\/\/www.institut-systeme.de\/html\/weiterbildung-meg-dgfs\/hypnotherapie-weiterbildung-m-e-g\/klinische-hypnose-klihyp\/\"><\/a><\/p>\n","protected":false},"author":1,"featured_media":0,"parent":99,"menu_order":1,"comment_status":"closed","ping_status":"closed","template":"","meta":{"footnotes":""},"class_list":["post-101","page","type-page","status-publish","hentry"],"aioseo_notices":[],"_links":{"self":[{"href":"https:\/\/www.institut-systeme.de\/html\/wp-json\/wp\/v2\/pages\/101","targetHints":{"allow":["GET"]}}],"collection":[{"href":"https:\/\/www.institut-systeme.de\/html\/wp-json\/wp\/v2\/pages"}],"about":[{"href":"https:\/\/www.institut-systeme.de\/html\/wp-json\/wp\/v2\/types\/page"}],"author":[{"embeddable":true,"href":"https:\/\/www.institut-systeme.de\/html\/wp-json\/wp\/v2\/users\/1"}],"replies":[{"embeddable":true,"href":"https:\/\/www.institut-systeme.de\/html\/wp-json\/wp\/v2\/comments?post=101"}],"version-history":[{"count":31,"href":"https:\/\/www.institut-systeme.de\/html\/wp-json\/wp\/v2\/pages\/101\/revisions"}],"predecessor-version":[{"id":3432,"href":"https:\/\/www.institut-systeme.de\/html\/wp-json\/wp\/v2\/pages\/101\/revisions\/3432"}],"up":[{"embeddable":true,"href":"https:\/\/www.institut-systeme.de\/html\/wp-json\/wp\/v2\/pages\/99"}],"wp:attachment":[{"href":"https:\/\/www.institut-systeme.de\/html\/wp-json\/wp\/v2\/media?parent=101"}],"curies":[{"name":"wp","href":"https:\/\/api.w.org\/{rel}","templated":true}]}}